{"id":271,"date":"2019-09-06T10:04:51","date_gmt":"2019-09-06T14:04:51","guid":{"rendered":"https:\/\/www.coreduc.cl\/ssb\/?page_id=271"},"modified":"2024-04-02T14:43:30","modified_gmt":"2024-04-02T18:43:30","slug":"equipo_directivo","status":"publish","type":"page","link":"https:\/\/www.coreduc.cl\/ssb\/equipo_directivo\/","title":{"rendered":"Equipo Directivo"},"content":{"rendered":"<div class=\"wpb-content-wrapper\"><p>[vc_row css_animation=&#8221;&#8221; row_type=&#8221;row&#8221; use_row_as_full_screen_section=&#8221;no&#8221; type=&#8221;full_width&#8221; angled_section=&#8221;no&#8221; text_align=&#8221;left&#8221; background_image_as_pattern=&#8221;without_pattern&#8221;][vc_column][vc_column_text]<\/p>\n<h2 style=\"font-size: 30px; line-height: 28px; letter-spacing: 1px;\">Docentes Directivos<\/h2>\n<p>[\/vc_column_text][vc_empty_space][vc_column_text]<\/p>\n<table border=\"0\" width=\"100%\" cellspacing=\"0\" cellpadding=\"0\" align=\"center\">\n<tbody>\n<tr>\n<td><strong>Cargo<\/strong><\/td>\n<td><strong>Nombre<\/strong><\/td>\n<\/tr>\n<tr>\n<td>Director<\/td>\n<td>Sr. Alfredo Sandoval Pe\u00f1a<\/td>\n<\/tr>\n<tr>\n<td>Jefe Asuntos Estudiantiles<\/td>\n<td>Sra. Claudia Lanino Gandolfo<\/td>\n<\/tr>\n<tr>\n<td>Jefe Supervisi\u00f3n y Evaluaci\u00f3n<\/td>\n<td>Sra. B\u00e1rbara del Pilar Ortiz Carmona<\/td>\n<\/tr>\n<tr>\n<td>Jefe Administrativo<\/td>\n<td>Sr. Claudio Rodrigo Lorca Jeria<\/td>\n<\/tr>\n<\/tbody>\n<\/table>\n<p>[\/vc_column_text][\/vc_column][\/vc_row]<\/p>\n<\/div>","protected":false},"excerpt":{"rendered":"<p>[vc_row css_animation=&#8221;&#8221; row_type=&#8221;row&#8221; use_row_as_full_screen_section=&#8221;no&#8221; type=&#8221;full_width&#8221; angled_section=&#8221;no&#8221; text_align=&#8221;left&#8221; background_image_as_pattern=&#8221;without_pattern&#8221;][vc_column][vc_column_text] Docentes Directivos [\/vc_column_text][vc_empty_space][vc_column_text] Cargo Nombre Director Sr. Alfredo Sandoval Pe\u00f1a Jefe Asuntos Estudiantiles Sra. Claudia Lanino Gandolfo Jefe Supervisi\u00f3n y Evaluaci\u00f3n Sra. B\u00e1rbara del Pilar Ortiz Carmona Jefe Administrativo Sr. Claudio Rodrigo Lorca Jeria [\/vc_column_text][\/vc_column][\/vc_row]<\/p>\n","protected":false},"author":9,"featured_media":0,"parent":0,"menu_order":0,"comment_status":"closed","ping_status":"closed","template":"","meta":{"footnotes":""},"class_list":["post-271","page","type-page","status-publish","hentry"],"_links":{"self":[{"href":"https:\/\/www.coreduc.cl\/ssb\/wp-json\/wp\/v2\/pages\/271","targetHints":{"allow":["GET"]}}],"collection":[{"href":"https:\/\/www.coreduc.cl\/ssb\/wp-json\/wp\/v2\/pages"}],"about":[{"href":"https:\/\/www.coreduc.cl\/ssb\/wp-json\/wp\/v2\/types\/page"}],"author":[{"embeddable":true,"href":"https:\/\/www.coreduc.cl\/ssb\/wp-json\/wp\/v2\/users\/9"}],"replies":[{"embeddable":true,"href":"https:\/\/www.coreduc.cl\/ssb\/wp-json\/wp\/v2\/comments?post=271"}],"version-history":[{"count":4,"href":"https:\/\/www.coreduc.cl\/ssb\/wp-json\/wp\/v2\/pages\/271\/revisions"}],"predecessor-version":[{"id":682,"href":"https:\/\/www.coreduc.cl\/ssb\/wp-json\/wp\/v2\/pages\/271\/revisions\/682"}],"wp:attachment":[{"href":"https:\/\/www.coreduc.cl\/ssb\/wp-json\/wp\/v2\/media?parent=271"}],"curies":[{"name":"wp","href":"https:\/\/api.w.org\/{rel}","templated":true}]}}

<div class="wpb-content-wrapper"><p>[vc_row css_animation=&#8221;&#8221; row_type=&#8221;row&#8221; use_row_as_full_screen_section=&#8221;no&#8221; type=&#8221;full_width&#8221; angled_section=&#8221;no&#8221; text_align=&#8221;left&#8221; background_image_as_pattern=&#8221;without_pattern&#8221;][vc_column][vc_column_text]</p>
<h2 style="font-size: 30px; line-height: 28px; letter-spacing: 1px;">Docentes Directivos</h2>
<p>[/vc_column_text][vc_empty_space][vc_column_text]</p>
<table border="0" width="100%" cellspacing="0" cellpadding="0" align="center">
<tbody>
<tr>
<td><strong>Cargo</strong></td>
<td><strong>Nombre</strong></td>
</tr>
<tr>
<td>Director</td>
<td>Sr. Alfredo Sandoval Peña</td>
</tr>
<tr>
<td>Jefe Asuntos Estudiantiles</td>
<td>Sra. Claudia Lanino Gandolfo</td>
</tr>
<tr>
<td>Jefe Supervisión y Evaluación</td>
<td>Sra. Bárbara del Pilar Ortiz Carmona</td>
</tr>
<tr>
<td>Jefe Administrativo</td>
<td>Sr. Claudio Rodrigo Lorca Jeria</td>
</tr>
</tbody>
</table>
<p>[/vc_column_text][/vc_column][/vc_row]</p>
</div>

<p>[vc_row css_animation=&#8221;&#8221; row_type=&#8221;row&#8221; use_row_as_full_screen_section=&#8221;no&#8221; type=&#8221;full_width&#8221; angled_section=&#8221;no&#8221; text_align=&#8221;left&#8221; background_image_as_pattern=&#8221;without_pattern&#8221;][vc_column][vc_column_text] Docentes Directivos [/vc_column_text][vc_empty_space][vc_column_text] Cargo Nombre Director Sr. Alfredo Sandoval Peña Jefe Asuntos Estudiantiles Sra. Claudia Lanino Gandolfo Jefe Supervisión y Evaluación Sra. Bárbara del Pilar Ortiz Carmona Jefe Administrativo Sr. Claudio Rodrigo Lorca Jeria [/vc_column_text][/vc_column][/vc_row]</p>
