{"id":264,"date":"2019-09-06T09:33:58","date_gmt":"2019-09-06T13:33:58","guid":{"rendered":"https:\/\/www.coreduc.cl\/ssb\/?page_id=264"},"modified":"2021-08-09T16:54:31","modified_gmt":"2021-08-09T20:54:31","slug":"indicadores","status":"publish","type":"page","link":"https:\/\/www.coreduc.cl\/ssb\/indicadores\/","title":{"rendered":"Indicadores"},"content":{"rendered":"<div class=\"wpb-content-wrapper\"><p>[vc_row css_animation=&#8221;&#8221; row_type=&#8221;row&#8221; use_row_as_full_screen_section=&#8221;no&#8221; type=&#8221;full_width&#8221; angled_section=&#8221;no&#8221; text_align=&#8221;left&#8221; background_image_as_pattern=&#8221;without_pattern&#8221;][vc_column][vc_column_text]<strong>Tasas de Titulaci\u00f3n por Especialidad y General Liceo<\/strong><\/p>\n<table border=\"0\" width=\"100%\" cellspacing=\"0\" cellpadding=\"5\">\n<tbody>\n<tr>\n<td width=\"132\">\n<p align=\"center\"><strong>Especialidad<\/strong><\/p>\n<\/td>\n<td width=\"161\">\n<p align=\"center\"><strong>Egresados A\u00f1o<br \/>\nAnterior<\/strong><\/p>\n<\/td>\n<td width=\"161\">\n<p align=\"center\"><strong>Cantidad de<br \/>\nTitulados<\/strong><\/p>\n<\/td>\n<td width=\"161\">\n<p align=\"center\"><strong>Tasa de Titulaci\u00f3n<\/strong><\/p>\n<\/td>\n<\/tr>\n<tr>\n<td width=\"132\">\n<p align=\"center\">Refrigeraci\u00f3n y<br \/>\nClimatizaci\u00f3n<\/p>\n<\/td>\n<td width=\"161\">\n<p align=\"center\">40<\/p>\n<\/td>\n<td width=\"161\">\n<p align=\"center\">39<\/p>\n<\/td>\n<td width=\"161\">\n<p align=\"center\">98.0%<\/p>\n<\/td>\n<\/tr>\n<tr>\n<td width=\"132\">\n<p align=\"center\">Electr\u00f3nica<\/p>\n<\/td>\n<td width=\"161\">\n<p align=\"center\">35<\/p>\n<\/td>\n<td width=\"161\">\n<p align=\"center\">34<\/p>\n<\/td>\n<td width=\"161\">\n<p align=\"center\">97.1%<\/p>\n<\/td>\n<\/tr>\n<tr>\n<td width=\"132\">\n<p align=\"center\">Administraci\u00f3n<\/p>\n<\/td>\n<td width=\"161\">\n<p align=\"center\">66<\/p>\n<\/td>\n<td width=\"161\">\n<p align=\"center\">57<\/p>\n<\/td>\n<td width=\"161\">\n<p align=\"center\">86.4%<\/p>\n<\/td>\n<\/tr>\n<tr>\n<td width=\"132\">\n<p align=\"center\">Totales<\/p>\n<\/td>\n<td width=\"161\">\n<p align=\"center\">141<\/p>\n<\/td>\n<td width=\"161\">\n<p align=\"center\">130<\/p>\n<\/td>\n<td width=\"161\">\n<p align=\"center\">92.2%<\/p>\n<\/td>\n<\/tr>\n<\/tbody>\n<\/table>\n<p>[\/vc_column_text][\/vc_column][\/vc_row]<\/p>\n<\/div>","protected":false},"excerpt":{"rendered":"<p>[vc_row css_animation=&#8221;&#8221; row_type=&#8221;row&#8221; use_row_as_full_screen_section=&#8221;no&#8221; type=&#8221;full_width&#8221; angled_section=&#8221;no&#8221; text_align=&#8221;left&#8221; background_image_as_pattern=&#8221;without_pattern&#8221;][vc_column][vc_column_text]Tasas de Titulaci\u00f3n por Especialidad y General Liceo Especialidad Egresados A\u00f1o Anterior Cantidad de Titulados Tasa de Titulaci\u00f3n Refrigeraci\u00f3n y Climatizaci\u00f3n 40 39 98.0% Electr\u00f3nica 35 34 97.1% Administraci\u00f3n 66 57 86.4% Totales 141 130 92.2% [\/vc_column_text][\/vc_column][\/vc_row]<\/p>\n","protected":false},"author":9,"featured_media":0,"parent":0,"menu_order":0,"comment_status":"closed","ping_status":"closed","template":"","meta":{"footnotes":""},"class_list":["post-264","page","type-page","status-publish","hentry"],"_links":{"self":[{"href":"https:\/\/www.coreduc.cl\/ssb\/wp-json\/wp\/v2\/pages\/264","targetHints":{"allow":["GET"]}}],"collection":[{"href":"https:\/\/www.coreduc.cl\/ssb\/wp-json\/wp\/v2\/pages"}],"about":[{"href":"https:\/\/www.coreduc.cl\/ssb\/wp-json\/wp\/v2\/types\/page"}],"author":[{"embeddable":true,"href":"https:\/\/www.coreduc.cl\/ssb\/wp-json\/wp\/v2\/users\/9"}],"replies":[{"embeddable":true,"href":"https:\/\/www.coreduc.cl\/ssb\/wp-json\/wp\/v2\/comments?post=264"}],"version-history":[{"count":10,"href":"https:\/\/www.coreduc.cl\/ssb\/wp-json\/wp\/v2\/pages\/264\/revisions"}],"predecessor-version":[{"id":507,"href":"https:\/\/www.coreduc.cl\/ssb\/wp-json\/wp\/v2\/pages\/264\/revisions\/507"}],"wp:attachment":[{"href":"https:\/\/www.coreduc.cl\/ssb\/wp-json\/wp\/v2\/media?parent=264"}],"curies":[{"name":"wp","href":"https:\/\/api.w.org\/{rel}","templated":true}]}}

<div class="wpb-content-wrapper"><p>[vc_row css_animation=&#8221;&#8221; row_type=&#8221;row&#8221; use_row_as_full_screen_section=&#8221;no&#8221; type=&#8221;full_width&#8221; angled_section=&#8221;no&#8221; text_align=&#8221;left&#8221; background_image_as_pattern=&#8221;without_pattern&#8221;][vc_column][vc_column_text]<strong>Tasas de Titulación por Especialidad y General Liceo</strong></p>
<table border="0" width="100%" cellspacing="0" cellpadding="5">
<tbody>
<tr>
<td width="132">
<p align="center"><strong>Especialidad</strong></p>
</td>
<td width="161">
<p align="center"><strong>Egresados Año<br />
Anterior</strong></p>
</td>
<td width="161">
<p align="center"><strong>Cantidad de<br />
Titulados</strong></p>
</td>
<td width="161">
<p align="center"><strong>Tasa de Titulación</strong></p>
</td>
</tr>
<tr>
<td width="132">
<p align="center">Refrigeración y<br />
Climatización</p>
</td>
<td width="161">
<p align="center">40</p>
</td>
<td width="161">
<p align="center">39</p>
</td>
<td width="161">
<p align="center">98.0%</p>
</td>
</tr>
<tr>
<td width="132">
<p align="center">Electrónica</p>
</td>
<td width="161">
<p align="center">35</p>
</td>
<td width="161">
<p align="center">34</p>
</td>
<td width="161">
<p align="center">97.1%</p>
</td>
</tr>
<tr>
<td width="132">
<p align="center">Administración</p>
</td>
<td width="161">
<p align="center">66</p>
</td>
<td width="161">
<p align="center">57</p>
</td>
<td width="161">
<p align="center">86.4%</p>
</td>
</tr>
<tr>
<td width="132">
<p align="center">Totales</p>
</td>
<td width="161">
<p align="center">141</p>
</td>
<td width="161">
<p align="center">130</p>
</td>
<td width="161">
<p align="center">92.2%</p>
</td>
</tr>
</tbody>
</table>
<p>[/vc_column_text][/vc_column][/vc_row]</p>
</div>

<p>[vc_row css_animation=&#8221;&#8221; row_type=&#8221;row&#8221; use_row_as_full_screen_section=&#8221;no&#8221; type=&#8221;full_width&#8221; angled_section=&#8221;no&#8221; text_align=&#8221;left&#8221; background_image_as_pattern=&#8221;without_pattern&#8221;][vc_column][vc_column_text]Tasas de Titulación por Especialidad y General Liceo Especialidad Egresados Año Anterior Cantidad de Titulados Tasa de Titulación Refrigeración y Climatización 40 39 98.0% Electrónica 35 34 97.1% Administración 66 57 86.4% Totales 141 130 92.2% [/vc_column_text][/vc_column][/vc_row]</p>
