{"id":170,"date":"2019-08-21T12:52:52","date_gmt":"2019-08-21T16:52:52","guid":{"rendered":"https:\/\/www.coreduc.cl\/?page_id=170"},"modified":"2019-08-22T17:48:24","modified_gmt":"2019-08-22T21:48:24","slug":"consejo-asesor-empresarial","status":"publish","type":"page","link":"https:\/\/www.coreduc.cl\/rdc\/consejo-asesor-empresarial\/","title":{"rendered":"Consejo Asesor Empresarial"},"content":{"rendered":"<div class=\"wpb-content-wrapper\"><p>[vc_row css_animation=\u00bb\u00bb row_type=\u00bbrow\u00bb use_row_as_full_screen_section=\u00bbno\u00bb type=\u00bbfull_width\u00bb angled_section=\u00bbno\u00bb text_align=\u00bbleft\u00bb background_image_as_pattern=\u00bbwithout_pattern\u00bb][vc_column][vc_column_text]<\/p>\n<table border=\"0\" cellspacing=\"0\" cellpadding=\"0\" align=\"center\">\n<tbody>\n<tr>\n<td>Presidente<\/td>\n<td>Sr. Felipe Boetsch Fern\u00e1ndez<\/td>\n<td>Constructora Boetsch S.A.<\/td>\n<\/tr>\n<tr>\n<td>Consejero<\/td>\n<td>Sr. Eduardo Guzm\u00e1n Vial<\/td>\n<td>Constructora Vial y Vives Ltda.<\/td>\n<\/tr>\n<tr>\n<td>Consejero<\/td>\n<td>Sr. Reinaldo Mart\u00edn Huber<\/td>\n<td>Constructora Excon S.A.<\/td>\n<\/tr>\n<tr>\n<td>Consejero<\/td>\n<td>Sr. Jos\u00e9 Ignacio Loeser Bravo<\/td>\n<td>Constructora Axis S.A.<\/td>\n<\/tr>\n<tr>\n<td>Consejero<\/td>\n<td>Sr. \u00c1lvaro Ovalle Fuenzalida<\/td>\n<td>Constructora Inarco<\/td>\n<\/tr>\n<tr>\n<td>Consejero<\/td>\n<td>Sr. Cristian Castillo Paredes<\/td>\n<td>Director de Sede Santiago ProAndes<\/td>\n<\/tr>\n<\/tbody>\n<\/table>\n<p>[\/vc_column_text][\/vc_column][\/vc_row]<\/p>\n<\/div>","protected":false},"excerpt":{"rendered":"<p>[vc_row css_animation=\u00bb\u00bb row_type=\u00bbrow\u00bb use_row_as_full_screen_section=\u00bbno\u00bb type=\u00bbfull_width\u00bb angled_section=\u00bbno\u00bb text_align=\u00bbleft\u00bb background_image_as_pattern=\u00bbwithout_pattern\u00bb][vc_column][vc_column_text] Presidente Sr. Felipe Boetsch Fern\u00e1ndez Constructora Boetsch S.A. Consejero Sr. Eduardo Guzm\u00e1n Vial Constructora Vial y Vives Ltda. Consejero Sr. Reinaldo Mart\u00edn Huber Constructora Excon S.A. Consejero Sr. Jos\u00e9 Ignacio Loeser Bravo Constructora Axis S.A. Consejero Sr&#8230;.<\/p>\n","protected":false},"author":7,"featured_media":0,"parent":0,"menu_order":0,"comment_status":"closed","ping_status":"closed","template":"","meta":{"footnotes":""},"class_list":["post-170","page","type-page","status-publish","hentry"],"_links":{"self":[{"href":"https:\/\/www.coreduc.cl\/rdc\/wp-json\/wp\/v2\/pages\/170","targetHints":{"allow":["GET"]}}],"collection":[{"href":"https:\/\/www.coreduc.cl\/rdc\/wp-json\/wp\/v2\/pages"}],"about":[{"href":"https:\/\/www.coreduc.cl\/rdc\/wp-json\/wp\/v2\/types\/page"}],"author":[{"embeddable":true,"href":"https:\/\/www.coreduc.cl\/rdc\/wp-json\/wp\/v2\/users\/7"}],"replies":[{"embeddable":true,"href":"https:\/\/www.coreduc.cl\/rdc\/wp-json\/wp\/v2\/comments?post=170"}],"version-history":[{"count":2,"href":"https:\/\/www.coreduc.cl\/rdc\/wp-json\/wp\/v2\/pages\/170\/revisions"}],"predecessor-version":[{"id":255,"href":"https:\/\/www.coreduc.cl\/rdc\/wp-json\/wp\/v2\/pages\/170\/revisions\/255"}],"wp:attachment":[{"href":"https:\/\/www.coreduc.cl\/rdc\/wp-json\/wp\/v2\/media?parent=170"}],"curies":[{"name":"wp","href":"https:\/\/api.w.org\/{rel}","templated":true}]}}