{"id":164,"date":"2019-08-21T12:42:13","date_gmt":"2019-08-21T16:42:13","guid":{"rendered":"https:\/\/www.coreduc.cl\/?page_id=164"},"modified":"2021-10-22T10:32:39","modified_gmt":"2021-10-22T14:32:39","slug":"equipo-directivo","status":"publish","type":"page","link":"https:\/\/www.coreduc.cl\/rdc\/equipo-directivo\/","title":{"rendered":"Equipo Directivo"},"content":{"rendered":"<div class=\"wpb-content-wrapper\"><p>[vc_row css_animation=\u00bb\u00bb row_type=\u00bbrow\u00bb use_row_as_full_screen_section=\u00bbno\u00bb type=\u00bbfull_width\u00bb angled_section=\u00bbno\u00bb text_align=\u00bbleft\u00bb background_image_as_pattern=\u00bbwithout_pattern\u00bb][vc_column][vc_column_text]<\/p>\n<h2 style=\"font-size: 30px; line-height: 28px; letter-spacing: 1px;\">Directivos del Liceo<\/h2>\n<p>[\/vc_column_text][vc_empty_space][vc_column_text]<\/p>\n<table border=\"0\" width=\"100%\" cellspacing=\"0\" cellpadding=\"0\" align=\"center\">\n<tbody>\n<tr>\n<td><strong>Cargo<\/strong><\/td>\n<td><strong>Nombre<\/strong><\/td>\n<\/tr>\n<tr>\n<td>Director<\/td>\n<td>Sra. Dinora Vergara \u00c1vila<\/td>\n<\/tr>\n<tr>\n<td>Jefa Unidad de Supervisi\u00f3n y Evaluaci\u00f3n<\/td>\n<td>Sra. Dinora Vergara \u00c1vila (S)<\/td>\n<\/tr>\n<tr>\n<td>Jefe Unidad\u00a0 Asuntos Estudiantiles<\/td>\n<td>Sr. Nicolas Reyes Hern\u00e1ndez<\/td>\n<\/tr>\n<tr>\n<td>Jefe Administrativo<\/td>\n<td>Sr. Enrique Retamales Moya<\/td>\n<\/tr>\n<\/tbody>\n<\/table>\n<p>[\/vc_column_text][\/vc_column][\/vc_row]<\/p>\n<\/div>","protected":false},"excerpt":{"rendered":"<p>[vc_row css_animation=\u00bb\u00bb row_type=\u00bbrow\u00bb use_row_as_full_screen_section=\u00bbno\u00bb type=\u00bbfull_width\u00bb angled_section=\u00bbno\u00bb text_align=\u00bbleft\u00bb background_image_as_pattern=\u00bbwithout_pattern\u00bb][vc_column][vc_column_text] Directivos del Liceo [\/vc_column_text][vc_empty_space][vc_column_text] Cargo Nombre Director Sra. Dinora Vergara \u00c1vila Jefa Unidad de Supervisi\u00f3n y Evaluaci\u00f3n Sra. Dinora Vergara \u00c1vila (S) Jefe Unidad\u00a0 Asuntos Estudiantiles Sr. Nicolas Reyes Hern\u00e1ndez Jefe Administrativo Sr. Enrique Retamales Moya [\/vc_column_text][\/vc_column][\/vc_row]<\/p>\n","protected":false},"author":7,"featured_media":0,"parent":0,"menu_order":0,"comment_status":"closed","ping_status":"closed","template":"","meta":{"footnotes":""},"class_list":["post-164","page","type-page","status-publish","hentry"],"_links":{"self":[{"href":"https:\/\/www.coreduc.cl\/rdc\/wp-json\/wp\/v2\/pages\/164","targetHints":{"allow":["GET"]}}],"collection":[{"href":"https:\/\/www.coreduc.cl\/rdc\/wp-json\/wp\/v2\/pages"}],"about":[{"href":"https:\/\/www.coreduc.cl\/rdc\/wp-json\/wp\/v2\/types\/page"}],"author":[{"embeddable":true,"href":"https:\/\/www.coreduc.cl\/rdc\/wp-json\/wp\/v2\/users\/7"}],"replies":[{"embeddable":true,"href":"https:\/\/www.coreduc.cl\/rdc\/wp-json\/wp\/v2\/comments?post=164"}],"version-history":[{"count":7,"href":"https:\/\/www.coreduc.cl\/rdc\/wp-json\/wp\/v2\/pages\/164\/revisions"}],"predecessor-version":[{"id":396,"href":"https:\/\/www.coreduc.cl\/rdc\/wp-json\/wp\/v2\/pages\/164\/revisions\/396"}],"wp:attachment":[{"href":"https:\/\/www.coreduc.cl\/rdc\/wp-json\/wp\/v2\/media?parent=164"}],"curies":[{"name":"wp","href":"https:\/\/api.w.org\/{rel}","templated":true}]}}

<div class="wpb-content-wrapper"><p>[vc_row css_animation=»» row_type=»row» use_row_as_full_screen_section=»no» type=»full_width» angled_section=»no» text_align=»left» background_image_as_pattern=»without_pattern»][vc_column][vc_column_text]</p>
<h2 style="font-size: 30px; line-height: 28px; letter-spacing: 1px;">Directivos del Liceo</h2>
<p>[/vc_column_text][vc_empty_space][vc_column_text]</p>
<table border="0" width="100%" cellspacing="0" cellpadding="0" align="center">
<tbody>
<tr>
<td><strong>Cargo</strong></td>
<td><strong>Nombre</strong></td>
</tr>
<tr>
<td>Director</td>
<td>Sra. Dinora Vergara Ávila</td>
</tr>
<tr>
<td>Jefa Unidad de Supervisión y Evaluación</td>
<td>Sra. Dinora Vergara Ávila (S)</td>
</tr>
<tr>
<td>Jefe Unidad  Asuntos Estudiantiles</td>
<td>Sr. Nicolas Reyes Hernández</td>
</tr>
<tr>
<td>Jefe Administrativo</td>
<td>Sr. Enrique Retamales Moya</td>
</tr>
</tbody>
</table>
<p>[/vc_column_text][/vc_column][/vc_row]</p>
</div>

<p>[vc_row css_animation=»» row_type=»row» use_row_as_full_screen_section=»no» type=»full_width» angled_section=»no» text_align=»left» background_image_as_pattern=»without_pattern»][vc_column][vc_column_text] Directivos del Liceo [/vc_column_text][vc_empty_space][vc_column_text] Cargo Nombre Director Sra. Dinora Vergara Ávila Jefa Unidad de Supervisión y Evaluación Sra. Dinora Vergara Ávila (S) Jefe Unidad  Asuntos Estudiantiles Sr. Nicolas Reyes Hernández Jefe Administrativo Sr. Enrique Retamales Moya [/vc_column_text][/vc_column][/vc_row]</p>
