{"id":35,"date":"2019-07-24T19:17:17","date_gmt":"2019-07-24T17:17:17","guid":{"rendered":"https:\/\/www.coreduc.cl\/ocb\/?page_id=35"},"modified":"2023-06-15T15:36:22","modified_gmt":"2023-06-15T19:36:22","slug":"directiva-centro-de-alumnos","status":"publish","type":"page","link":"https:\/\/www.coreduc.cl\/ocb\/directiva-centro-de-alumnos\/","title":{"rendered":"Directiva Centro de Alumnos"},"content":{"rendered":"<div class=\"wpb-content-wrapper\"><p>[vc_row css_animation=\u00bb\u00bb row_type=\u00bbrow\u00bb use_row_as_full_screen_section=\u00bbno\u00bb type=\u00bbfull_width\u00bb angled_section=\u00bbno\u00bb text_align=\u00bbleft\u00bb background_image_as_pattern=\u00bbwithout_pattern\u00bb][vc_column][vc_column_text]<\/p>\n<table width=\"100%\">\n<tbody>\n<tr>\n<td width=\"208\">Presidenta<\/td>\n<td width=\"422\">Kelly Estay<\/td>\n<\/tr>\n<tr>\n<td width=\"208\">Vicepresidente<\/td>\n<td width=\"422\">Basti\u00e1n Saavedra<\/td>\n<\/tr>\n<tr>\n<td width=\"208\">Delegado Acad\u00e9mico<\/td>\n<td width=\"422\">Marcelo Hormazabal<\/td>\n<\/tr>\n<tr>\n<td width=\"208\">Vocera<\/td>\n<td width=\"422\">Monserrat P\u00e9rez<\/td>\n<\/tr>\n<tr>\n<td width=\"208\">Delegado de Cultura<\/td>\n<td width=\"422\">Yerson Mora<\/td>\n<\/tr>\n<tr>\n<td width=\"208\">Delegado de Comunicaciones<\/td>\n<td width=\"422\">Matias Venegas<\/td>\n<\/tr>\n<tr>\n<td width=\"208\">Delegado<\/td>\n<td width=\"422\">Javier Riveros<\/td>\n<\/tr>\n<tr>\n<td width=\"208\">Profesora Asesora<\/td>\n<td width=\"422\">Arinda Toro<\/td>\n<\/tr>\n<tr>\n<td width=\"208\">Profesor Asesor 02<\/td>\n<td width=\"422\">Iv\u00e1n Silva<\/td>\n<\/tr>\n<\/tbody>\n<\/table>\n<div><\/div>\n<p>[\/vc_column_text][vc_empty_space height=\u00bb150px\u00bb][\/vc_column][\/vc_row]<\/p>\n<\/div>","protected":false},"excerpt":{"rendered":"<p>[vc_row css_animation=\u00bb\u00bb row_type=\u00bbrow\u00bb use_row_as_full_screen_section=\u00bbno\u00bb type=\u00bbfull_width\u00bb angled_section=\u00bbno\u00bb text_align=\u00bbleft\u00bb background_image_as_pattern=\u00bbwithout_pattern\u00bb][vc_column][vc_column_text] Presidenta Kelly Estay Vicepresidente Basti\u00e1n Saavedra Delegado Acad\u00e9mico Marcelo Hormazabal Vocera Monserrat P\u00e9rez Delegado de Cultura Yerson Mora Delegado de Comunicaciones Matias Venegas Delegado Javier Riveros Profesora Asesora Arinda Toro Profesor Asesor 02 Iv\u00e1n Silva [\/vc_column_text][vc_empty_space height=\u00bb150px\u00bb][\/vc_column][\/vc_row]<\/p>\n","protected":false},"author":7,"featured_media":0,"parent":0,"menu_order":0,"comment_status":"closed","ping_status":"closed","template":"","meta":{"footnotes":""},"class_list":["post-35","page","type-page","status-publish","hentry"],"_links":{"self":[{"href":"https:\/\/www.coreduc.cl\/ocb\/wp-json\/wp\/v2\/pages\/35","targetHints":{"allow":["GET"]}}],"collection":[{"href":"https:\/\/www.coreduc.cl\/ocb\/wp-json\/wp\/v2\/pages"}],"about":[{"href":"https:\/\/www.coreduc.cl\/ocb\/wp-json\/wp\/v2\/types\/page"}],"author":[{"embeddable":true,"href":"https:\/\/www.coreduc.cl\/ocb\/wp-json\/wp\/v2\/users\/7"}],"replies":[{"embeddable":true,"href":"https:\/\/www.coreduc.cl\/ocb\/wp-json\/wp\/v2\/comments?post=35"}],"version-history":[{"count":5,"href":"https:\/\/www.coreduc.cl\/ocb\/wp-json\/wp\/v2\/pages\/35\/revisions"}],"predecessor-version":[{"id":16379,"href":"https:\/\/www.coreduc.cl\/ocb\/wp-json\/wp\/v2\/pages\/35\/revisions\/16379"}],"wp:attachment":[{"href":"https:\/\/www.coreduc.cl\/ocb\/wp-json\/wp\/v2\/media?parent=35"}],"curies":[{"name":"wp","href":"https:\/\/api.w.org\/{rel}","templated":true}]}}