{"id":94,"date":"2019-09-11T13:26:04","date_gmt":"2019-09-11T16:26:04","guid":{"rendered":"https:\/\/www.coreduc.cl\/jsu\/?page_id=94"},"modified":"2021-05-04T12:20:30","modified_gmt":"2021-05-04T16:20:30","slug":"cuadrodehonor","status":"publish","type":"page","link":"https:\/\/www.coreduc.cl\/jsu\/cuadrodehonor\/","title":{"rendered":"Cuadro de Honor"},"content":{"rendered":"<div class=\"wpb-content-wrapper\"><p>[vc_row css_animation=\u00bb\u00bb row_type=\u00bbrow\u00bb use_row_as_full_screen_section=\u00bbno\u00bb type=\u00bbfull_width\u00bb angled_section=\u00bbno\u00bb text_align=\u00bbleft\u00bb background_image_as_pattern=\u00bbwithout_pattern\u00bb][vc_column][vc_column_text]<strong>Mejores promedios 2017<\/strong><\/p>\n<table border=\"0\" width=\"100%\" cellspacing=\"0\" cellpadding=\"5\">\n<tbody>\n<tr>\n<td valign=\"top\">\n<p align=\"center\"><strong>Curso<\/strong><\/p>\n<\/td>\n<td valign=\"top\">\n<p align=\"center\"><strong>Nombre y Apellidos<\/strong><\/p>\n<\/td>\n<td valign=\"top\" width=\"78\">\n<p align=\"center\"><strong>Nota<\/strong><\/p>\n<\/td>\n<\/tr>\n<tr>\n<td valign=\"top\">7\u00ba A<\/td>\n<td valign=\"top\">Basti\u00e1n Alonso Hidalgo Cuevas<\/td>\n<td valign=\"top\" width=\"78\">\n<p align=\"center\">6.68<\/p>\n<\/td>\n<\/tr>\n<tr>\n<td valign=\"top\">7\u00ba B<\/td>\n<td valign=\"top\">Sebasti\u00e1n Ignacio Dom\u00ednguez Pe\u00f1a<\/td>\n<td valign=\"top\" width=\"78\">\n<p align=\"center\">6.60<\/p>\n<\/td>\n<\/tr>\n<tr>\n<td valign=\"top\">7\u00b0 C<\/td>\n<td valign=\"top\">Francisca Carolina Ascencio Bastidas<\/td>\n<td valign=\"top\" width=\"78\">\n<p align=\"center\">6.50<\/p>\n<\/td>\n<\/tr>\n<tr>\n<td valign=\"top\">8\u00ba A<\/td>\n<td valign=\"top\">Benjam\u00edn Eduardo Contreras Fierro<\/td>\n<td valign=\"top\" width=\"78\">\n<p align=\"center\">6.16<\/p>\n<\/td>\n<\/tr>\n<tr>\n<td valign=\"top\">8\u00ba B<\/td>\n<td valign=\"top\">Eduardo Andr\u00e9s Mu\u00f1oz Vidal<\/td>\n<td valign=\"top\" width=\"78\">\n<p align=\"center\">6.72<\/p>\n<\/td>\n<\/tr>\n<tr>\n<td valign=\"top\">1\u00ba A<\/td>\n<td valign=\"top\">Marco Antonio Rolando Cerda Chamorro<\/td>\n<td valign=\"top\" width=\"78\">\n<p align=\"center\">6.55<\/p>\n<\/td>\n<\/tr>\n<tr>\n<td valign=\"top\">1\u00ba B<\/td>\n<td valign=\"top\">Mirovick Alessandro Fern\u00e1ndez Albornoz<\/td>\n<td valign=\"top\" width=\"78\">\n<p align=\"center\">6.75<\/p>\n<\/td>\n<\/tr>\n<tr>\n<td valign=\"top\">1\u00b0 C<\/td>\n<td valign=\"top\">Franchesca Scarlett Mora Cheh\u00faan<\/td>\n<td valign=\"top\" width=\"78\">\n<p align=\"center\">6.63<\/p>\n<\/td>\n<\/tr>\n<tr>\n<td valign=\"top\">2\u00ba A<\/td>\n<td valign=\"top\">Iv\u00e1n Mauricio Guti\u00e9rrez Pacheco<\/td>\n<td valign=\"top\" width=\"78\">\n<p align=\"center\">6.57<\/p>\n<\/td>\n<\/tr>\n<tr>\n<td valign=\"top\">2\u00ba B<\/td>\n<td valign=\"top\">Jeremy Hans Cort\u00e9s Qui\u00f1ones<\/td>\n<td valign=\"top\" width=\"78\">\n<p align=\"center\">6.44<\/p>\n<\/td>\n<\/tr>\n<tr>\n<td valign=\"top\">2\u00ba C<\/td>\n<td valign=\"top\">Allison Mireya Hidalgo Alarc\u00f3n<\/td>\n<td valign=\"top\" width=\"78\">\n<p align=\"center\">6.35<\/p>\n<\/td>\n<\/tr>\n<tr>\n<td valign=\"top\">3\u00ba A<\/td>\n<td valign=\"top\">Alexandra Bel\u00e9n Sep\u00falveda Jara<\/td>\n<td valign=\"top\" width=\"78\">\n<p align=\"center\">6.54<\/p>\n<\/td>\n<\/tr>\n<tr>\n<td valign=\"top\">3\u00ba B<\/td>\n<td valign=\"top\">Mat\u00edas Sebasti\u00e1n Rebolledo Romero<\/td>\n<td valign=\"top\" width=\"78\">\n<p align=\"center\">6.80<\/p>\n<\/td>\n<\/tr>\n<tr>\n<td valign=\"top\">4\u00b0 A<\/td>\n<td valign=\"top\">Valentina Medina Gajardo<\/td>\n<td valign=\"top\" width=\"78\">\n<p align=\"center\">6.72<\/p>\n<\/td>\n<\/tr>\n<tr>\n<td valign=\"top\">4\u00b0 B<\/td>\n<td valign=\"top\">Victoria Arteaga Tranamil<\/td>\n<td valign=\"top\" width=\"78\">\n<p align=\"center\">6.69<\/p>\n<\/td>\n<\/tr>\n<tr>\n<td valign=\"top\">4\u00b0 C<\/td>\n<td valign=\"top\">Mat\u00edas Rivera Hidalgo<\/td>\n<td valign=\"top\" width=\"78\">\n<p align=\"center\">6.60<\/p>\n<\/td>\n<\/tr>\n<\/tbody>\n<\/table>\n<p>[\/vc_column_text][vc_empty_space][vc_column_text]<strong>Mejores promedios 2018<\/strong><\/p>\n<table border=\"0\" width=\"100%\" cellspacing=\"0\" cellpadding=\"5\">\n<tbody>\n<tr>\n<td valign=\"top\">\n<p align=\"center\"><strong>Curso<\/strong><\/p>\n<\/td>\n<td valign=\"top\"><strong>Nombre y Apellidos<\/strong><\/td>\n<td valign=\"top\" width=\"77\">\n<p align=\"center\"><strong>Nota<\/strong><\/p>\n<\/td>\n<\/tr>\n<tr>\n<td valign=\"top\">7\u00ba A<\/td>\n<td valign=\"top\">Renato Velozo Zapata<\/td>\n<td valign=\"top\" width=\"77\">\n<p align=\"center\">6.60<\/p>\n<\/td>\n<\/tr>\n<tr>\n<td valign=\"top\">7\u00ba B<\/td>\n<td valign=\"top\">Agust\u00edn Osorio Ram\u00edrez<\/td>\n<td valign=\"top\" width=\"77\">\n<p align=\"center\">6.46<\/p>\n<\/td>\n<\/tr>\n<tr>\n<td valign=\"top\">7\u00b0 C<\/td>\n<td valign=\"top\">Mart\u00edn Ruiz Quintana<\/td>\n<td valign=\"top\" width=\"77\">\n<p align=\"center\">6.07<\/p>\n<\/td>\n<\/tr>\n<tr>\n<td valign=\"top\">8\u00ba A<\/td>\n<td valign=\"top\">Basti\u00e1n Hidalgo Cuevas<\/td>\n<td valign=\"top\" width=\"77\">\n<p align=\"center\">6.71<\/p>\n<\/td>\n<\/tr>\n<tr>\n<td valign=\"top\">8\u00ba B<\/td>\n<td valign=\"top\">Sebasti\u00e1n Dom\u00ednguez Pe\u00f1a<\/td>\n<td valign=\"top\" width=\"77\">\n<p align=\"center\">6.60<\/p>\n<\/td>\n<\/tr>\n<tr>\n<td valign=\"top\">8\u00b0 C<\/td>\n<td valign=\"top\">Valentina Saavedra Ortega<\/td>\n<td valign=\"top\" width=\"77\">\n<p align=\"center\">6.31<\/p>\n<\/td>\n<\/tr>\n<tr>\n<td valign=\"top\">1\u00b0 A<\/td>\n<td valign=\"top\">Carla Luengo Morales<\/td>\n<td valign=\"top\" width=\"77\">\n<p align=\"center\">6.36<\/p>\n<\/td>\n<\/tr>\n<tr>\n<td valign=\"top\">1\u00ba B<\/td>\n<td valign=\"top\">Eduardo Andr\u00e9s Mu\u00f1oz Vidal<\/td>\n<td valign=\"top\" width=\"77\">\n<p align=\"center\">6.75<\/p>\n<\/td>\n<\/tr>\n<tr>\n<td valign=\"top\">1\u00b0 C<\/td>\n<td valign=\"top\">Nicol\u00e1s Ort\u00edz Ar\u00e9valo<\/td>\n<td valign=\"top\" width=\"77\">\n<p align=\"center\">6.25<\/p>\n<\/td>\n<\/tr>\n<tr>\n<td rowspan=\"2\" valign=\"top\">2\u00ba A<\/td>\n<td valign=\"top\">Daniel Silva Constanzo<\/td>\n<td valign=\"top\" width=\"77\">\n<p align=\"center\">6.25<\/p>\n<\/td>\n<\/tr>\n<tr>\n<td valign=\"top\">Natalia Valderrama G\u00f3mez<\/td>\n<td valign=\"top\" width=\"77\">\n<p align=\"center\">6.25<\/p>\n<\/td>\n<\/tr>\n<tr>\n<td valign=\"top\">2\u00ba B<\/td>\n<td valign=\"top\">Mirovick Alessandro Fern\u00e1ndez Albornoz<\/td>\n<td valign=\"top\" width=\"77\">\n<p align=\"center\">6.68<\/p>\n<\/td>\n<\/tr>\n<tr>\n<td valign=\"top\">2\u00ba C<\/td>\n<td valign=\"top\">Franchesca Scarlett Mora Cheh\u00faan<\/td>\n<td valign=\"top\" width=\"77\">\n<p align=\"center\">6.58<\/p>\n<\/td>\n<\/tr>\n<tr>\n<td valign=\"top\">3\u00ba A<\/td>\n<td valign=\"top\">Iv\u00e1n Mauricio Guti\u00e9rrez Pacheco<\/td>\n<td valign=\"top\" width=\"77\">\n<p align=\"center\">6.83<\/p>\n<\/td>\n<\/tr>\n<tr>\n<td valign=\"top\">3\u00ba B<\/td>\n<td valign=\"top\">Jos\u00e9 Lagos Salazar<\/td>\n<td valign=\"top\" width=\"77\">\n<p align=\"center\">6.64<\/p>\n<\/td>\n<\/tr>\n<tr>\n<td valign=\"top\">3\u00b0 C<\/td>\n<td valign=\"top\">Carlos Luengo Morales<\/td>\n<td valign=\"top\" width=\"77\">\n<p align=\"center\">6.06<\/p>\n<\/td>\n<\/tr>\n<tr>\n<td valign=\"top\">4\u00b0 A<\/td>\n<td valign=\"top\">Raynier Riffo Pinto<\/td>\n<td valign=\"top\" width=\"77\">\n<p align=\"center\">6.68<\/p>\n<\/td>\n<\/tr>\n<tr>\n<td valign=\"top\">4\u00b0 B<\/td>\n<td valign=\"top\">Mat\u00edas Rebolledo Romero<\/td>\n<td valign=\"top\" width=\"77\">\n<p align=\"center\">6.73<\/p>\n<\/td>\n<\/tr>\n<tr>\n<td valign=\"top\">4\u00b0 C<\/td>\n<td valign=\"top\">Samuel Villalobos Cort\u00e9s<\/td>\n<td valign=\"top\" width=\"77\">\n<p align=\"center\">6.56<\/p>\n<\/td>\n<\/tr>\n<\/tbody>\n<\/table>\n<p>[\/vc_column_text][vc_empty_space][vc_column_text]<strong>Mejores promedios 2019<\/strong><\/p>\n<table border=\"0\" width=\"100%\" cellspacing=\"0\" cellpadding=\"5\">\n<tbody>\n<tr>\n<td valign=\"top\">\n<p align=\"center\"><strong>Curso<\/strong><\/p>\n<\/td>\n<td valign=\"top\"><strong>Nombre y Apellidos<\/strong><\/td>\n<td valign=\"top\" width=\"57\">\n<p align=\"center\"><strong>Nota<\/strong><\/p>\n<\/td>\n<\/tr>\n<tr>\n<td valign=\"top\">7\u00ba A<\/td>\n<td valign=\"top\">Lian Ilich \u00c1vila Fritz<\/td>\n<td valign=\"top\" width=\"57\">\n<p align=\"center\">6,4<\/p>\n<\/td>\n<\/tr>\n<tr>\n<td valign=\"top\">7\u00ba B<\/td>\n<td valign=\"top\">Fernanda Andrea Molina Flores<\/td>\n<td valign=\"top\" width=\"57\">\n<p align=\"center\">6,4<\/p>\n<\/td>\n<\/tr>\n<tr>\n<td valign=\"top\">7\u00b0 C<\/td>\n<td valign=\"top\">Catherine Valeria Vidal Figueroa<\/td>\n<td valign=\"top\" width=\"57\">\n<p align=\"center\">6,6<\/p>\n<\/td>\n<\/tr>\n<tr>\n<td valign=\"top\">8\u00ba A<\/td>\n<td valign=\"top\">Renato Antonio Veloso Zapata<\/td>\n<td valign=\"top\" width=\"57\">\n<p align=\"center\">6,6<\/p>\n<\/td>\n<\/tr>\n<tr>\n<td valign=\"top\">8\u00ba B<\/td>\n<td valign=\"top\">Agust\u00edn Nicol\u00e1s Osorio Ram\u00edrez<\/td>\n<td valign=\"top\" width=\"57\">\n<p align=\"center\">6,6<\/p>\n<\/td>\n<\/tr>\n<tr>\n<td valign=\"top\">8\u00b0 C<\/td>\n<td valign=\"top\">Emily Valentina Contreras Ruiz<\/td>\n<td valign=\"top\" width=\"57\">\n<p align=\"center\">6,4<\/p>\n<\/td>\n<\/tr>\n<tr>\n<td valign=\"top\">1\u00ba A<\/td>\n<td valign=\"top\">Sebasti\u00e1n Ignacio Dom\u00ednguez Pe\u00f1a<\/td>\n<td valign=\"top\" width=\"57\">\n<p align=\"center\">6,4<\/p>\n<\/td>\n<\/tr>\n<tr>\n<td valign=\"top\">1\u00ba B<\/td>\n<td valign=\"top\">Antonio Jes\u00fas Benavides Puentes<\/td>\n<td valign=\"top\" width=\"57\">\n<p align=\"center\">6,6<\/p>\n<\/td>\n<\/tr>\n<tr>\n<td valign=\"top\">1\u00b0 C<\/td>\n<td valign=\"top\">Basti\u00e1n Alonso Hidalgo Cuevas<\/td>\n<td valign=\"top\" width=\"57\">\n<p align=\"center\">6,6<\/p>\n<\/td>\n<\/tr>\n<tr>\n<td valign=\"top\">2\u00ba A<\/td>\n<td valign=\"top\">Carla Fernanda Luengo Morales<\/td>\n<td valign=\"top\" width=\"57\">\n<p align=\"center\">6,8<\/p>\n<\/td>\n<\/tr>\n<tr>\n<td valign=\"top\">2\u00ba B<\/td>\n<td valign=\"top\">Eduardo Andr\u00e9s Mu\u00f1oz Vidal<\/td>\n<td valign=\"top\" width=\"57\">\n<p align=\"center\">6,4<\/p>\n<\/td>\n<\/tr>\n<tr>\n<td valign=\"top\">2\u00ba C<\/td>\n<td valign=\"top\">Nicol\u00e1s Pablo Ort\u00edz Ar\u00e9valo<\/td>\n<td valign=\"top\" width=\"57\">\n<p align=\"center\">6,4<\/p>\n<\/td>\n<\/tr>\n<tr>\n<td valign=\"top\">3\u00ba A<\/td>\n<td valign=\"top\">Danae Eilyn Gonz\u00e1lez Vald\u00e9s<\/td>\n<td valign=\"top\" width=\"57\">\n<p align=\"center\">6,9<\/p>\n<\/td>\n<\/tr>\n<tr>\n<td valign=\"top\">3\u00ba B<\/td>\n<td valign=\"top\">Mirovick Alessandro Fern\u00e1ndez Albornoz<\/td>\n<td valign=\"top\" width=\"57\">\n<p align=\"center\">6,9<\/p>\n<\/td>\n<\/tr>\n<tr>\n<td valign=\"top\">3\u00ba C<\/td>\n<td valign=\"top\">Alejandra Bel\u00e9n Espinoza Palma<\/td>\n<td valign=\"top\" width=\"57\">\n<p align=\"center\">6,4<\/p>\n<\/td>\n<\/tr>\n<tr>\n<td valign=\"top\">4\u00b0 A<\/td>\n<td valign=\"top\">Iv\u00e1n\u00a0 Mauricio Guti\u00e9rrez Pacheco<\/td>\n<td valign=\"top\" width=\"57\">\n<p align=\"center\">6,9<\/p>\n<\/td>\n<\/tr>\n<tr>\n<td valign=\"top\">4\u00b0 B<\/td>\n<td valign=\"top\">Fernanda\u00a0 Valentina Salinas Ar\u00e9valo<\/td>\n<td valign=\"top\" width=\"57\">\n<p align=\"center\">6,7<\/p>\n<\/td>\n<\/tr>\n<tr>\n<td valign=\"top\">4\u00b0 C<\/td>\n<td valign=\"top\">Carlos Antonio Luengo\u00a0 Morales<\/td>\n<td valign=\"top\" width=\"57\">\n<p align=\"center\">6,0<\/p>\n<\/td>\n<\/tr>\n<\/tbody>\n<\/table>\n<p>[\/vc_column_text][vc_empty_space][vc_column_text]<\/p>\n<h3><strong>Mejor asistencia Anual<\/strong><\/h3>\n<p><strong>Asistencia 100% 2017:<\/strong><\/p>\n<table border=\"0\" width=\"100%\" cellspacing=\"0\" cellpadding=\"5\">\n<tbody>\n<tr>\n<td valign=\"top\">7\u00ba A<\/td>\n<td valign=\"top\">Jeremy Alejandro Reuca Tapia<\/td>\n<\/tr>\n<tr>\n<td rowspan=\"2\" valign=\"top\">7\u00ba B<\/td>\n<td valign=\"top\">Gabriel Jes\u00fas Alvial Figueroa<\/td>\n<\/tr>\n<tr>\n<td valign=\"top\">Mar\u00eda Paz merino<\/td>\n<\/tr>\n<tr>\n<td valign=\"top\">8\u00ba A<\/td>\n<td valign=\"top\">Eros Miguelangelo Hern\u00e1ndez Miranda<\/td>\n<\/tr>\n<tr>\n<td rowspan=\"2\" valign=\"top\">8\u00ba B<\/td>\n<td valign=\"top\">Benjam\u00edn Nicol\u00e1s Mois\u00e9s Campos Mu\u00f1oz<\/td>\n<\/tr>\n<tr>\n<td valign=\"top\">Francisco Mauricio Andr\u00e9s Mu\u00f1oz Mu\u00f1oz<\/td>\n<\/tr>\n<tr>\n<td rowspan=\"2\" valign=\"top\">1\u00ba A<\/td>\n<td valign=\"top\">Marco Antonio Rolando Cerda Chamorro<\/td>\n<\/tr>\n<tr>\n<td valign=\"top\">Mat\u00edas Ignacio Torres Cereceda<\/td>\n<\/tr>\n<tr>\n<td rowspan=\"2\" valign=\"top\">1\u00ba B<\/td>\n<td valign=\"top\">Mirovick Alessandro Fern\u00e1ndez Albornoz<\/td>\n<\/tr>\n<tr>\n<td valign=\"top\">Jeremy Basti\u00e1n Riquelme Aedo<\/td>\n<\/tr>\n<tr>\n<td rowspan=\"2\" valign=\"top\">1\u00b0 C<\/td>\n<td valign=\"top\">Constanza Camila Barra Riffo<\/td>\n<\/tr>\n<tr>\n<td valign=\"top\">Franchesca Scarlett Mora Chehu\u00e1n<\/td>\n<\/tr>\n<tr>\n<td valign=\"top\">2\u00ba A<\/td>\n<td valign=\"top\">Carlos Antonio Luengo Morales<\/td>\n<\/tr>\n<tr>\n<td rowspan=\"2\" valign=\"top\">2\u00ba B<\/td>\n<td valign=\"top\">Monserrat Alejandra Concha Aguayo<\/td>\n<\/tr>\n<tr>\n<td valign=\"top\">Jeremy Hans Cort\u00e9s Qui\u00f1ones<\/td>\n<\/tr>\n<tr>\n<td rowspan=\"6\" valign=\"top\">3\u00ba A<\/td>\n<td valign=\"top\">Jennifer Alessandra Caama\u00f1o Garrido<\/td>\n<\/tr>\n<tr>\n<td valign=\"top\">Felipe Esteban Carrillo Guevara<\/td>\n<\/tr>\n<tr>\n<td valign=\"top\">Victoria Monserrat Carrillo Guevara<\/td>\n<\/tr>\n<tr>\n<td valign=\"top\">Crsitina Alejandra Hidalgo Sarandona<\/td>\n<\/tr>\n<tr>\n<td valign=\"top\">Samantha Aracely Quinteros Urrutia<\/td>\n<\/tr>\n<tr>\n<td valign=\"top\">Alexandra bel\u00e9n Sep\u00falveda Jara<\/td>\n<\/tr>\n<tr>\n<td valign=\"top\">4\u00b0 B<\/td>\n<td valign=\"top\">Victoria Arteaga Tranamil<\/td>\n<\/tr>\n<\/tbody>\n<\/table>\n<p>[\/vc_column_text][vc_empty_space][vc_column_text]<strong>Mejor asistencia anual 2017:<\/strong><\/p>\n<table border=\"0\" width=\"100%\" cellspacing=\"0\" cellpadding=\"5\">\n<tbody>\n<tr>\n<td valign=\"top\" width=\"208\">\n<p align=\"center\"><strong>NOMBRE<\/strong><\/p>\n<\/td>\n<td valign=\"top\" width=\"124\">\n<p align=\"center\"><strong>PORCENTAJE<\/strong><\/p>\n<\/td>\n<\/tr>\n<tr>\n<td width=\"208\">Segundo Ciclo: 7\u00b0 b\u00e1sico \u201cB\u201d<\/td>\n<td width=\"124\">\n<p align=\"center\">96.2%<\/p>\n<\/td>\n<\/tr>\n<tr>\n<td width=\"208\">Ense\u00f1anza Media: 3\u00b0 medio \u201cA\u201d<\/td>\n<td width=\"124\">\n<p align=\"center\">95.1%<\/p>\n<\/td>\n<\/tr>\n<\/tbody>\n<\/table>\n<p>[\/vc_column_text][vc_empty_space][vc_column_text]<strong>Asistencia 100% 2018:<\/strong><\/p>\n<table border=\"0\" width=\"100%\" cellspacing=\"0\" cellpadding=\"5\">\n<tbody>\n<tr>\n<td valign=\"top\">7\u00ba A<\/td>\n<td valign=\"top\">Valentina Cuevas Vega<\/td>\n<\/tr>\n<tr>\n<td rowspan=\"2\" valign=\"top\">7\u00ba B<\/td>\n<td valign=\"top\">Max C\u00e1ceres D\u00edaz<\/td>\n<\/tr>\n<tr>\n<td valign=\"top\">Gabriela Manr\u00edquez Carrasco<\/td>\n<\/tr>\n<tr>\n<td rowspan=\"2\" valign=\"top\">7\u00b0 C<\/td>\n<td valign=\"top\">Emily Contreras Ruiz<\/td>\n<\/tr>\n<tr>\n<td valign=\"top\">Antonia Venegas Salas<\/td>\n<\/tr>\n<tr>\n<td valign=\"top\">8\u00ba B<\/td>\n<td valign=\"top\">Camila Plaza Herrera<\/td>\n<\/tr>\n<tr>\n<td rowspan=\"2\" valign=\"top\">8\u00b0 C<\/td>\n<td valign=\"top\">Rodrigo Romero Rodr\u00edguez<\/td>\n<\/tr>\n<tr>\n<td valign=\"top\">Mat\u00edas Henr\u00edquez Matamala<\/td>\n<\/tr>\n<tr>\n<td rowspan=\"2\" valign=\"top\">1\u00ba A<\/td>\n<td valign=\"top\">Eros Hern\u00e1ndez Miranda<\/td>\n<\/tr>\n<tr>\n<td valign=\"top\">Francisco Mu\u00f1oz Mu\u00f1oz<\/td>\n<\/tr>\n<tr>\n<td valign=\"top\">1\u00ba B<\/td>\n<td valign=\"top\">Sebasti\u00e1n Huenchu\u00f1ir Moncada<\/td>\n<\/tr>\n<tr>\n<td rowspan=\"2\" valign=\"top\">2\u00ba A<\/td>\n<td valign=\"top\">Marco Cerda Chamorro<\/td>\n<\/tr>\n<tr>\n<td valign=\"top\">Bel\u00e9n Rozas Pardo<\/td>\n<\/tr>\n<tr>\n<td rowspan=\"2\" valign=\"top\">2\u00ba C<\/td>\n<td valign=\"top\">Arturo Villar Gonz\u00e1lez<\/td>\n<\/tr>\n<tr>\n<td valign=\"top\">Esperanza Mora P\u00e9rez<\/td>\n<\/tr>\n<tr>\n<td valign=\"top\">3\u00ba A<\/td>\n<td valign=\"top\">V\u00edctor D\u00edaz Castro<\/td>\n<\/tr>\n<tr>\n<td rowspan=\"4\" valign=\"top\">4\u00b0 A<\/td>\n<td valign=\"top\">Jennifer Caama\u00f1o Garrido<\/td>\n<\/tr>\n<tr>\n<td valign=\"top\">Victoria Carrillo Guevara<\/td>\n<\/tr>\n<tr>\n<td valign=\"top\">Felipe Carrillo Caama\u00f1o<\/td>\n<\/tr>\n<tr>\n<td valign=\"top\">Daniela Olivares Sagredo<\/td>\n<\/tr>\n<tr>\n<td rowspan=\"3\" valign=\"top\">4\u00b0 B<\/td>\n<td valign=\"top\">Mar\u00eda Lagos Sanhueza<\/td>\n<\/tr>\n<tr>\n<td valign=\"top\">Noeli Navarrete Fierro<\/td>\n<\/tr>\n<tr>\n<td valign=\"top\">Valeria Rodr\u00edguez Monsalve<\/td>\n<\/tr>\n<tr>\n<td valign=\"top\">4\u00b0 C<\/td>\n<td valign=\"top\">Sebasti\u00e1n Barrientos Lara<\/td>\n<\/tr>\n<\/tbody>\n<\/table>\n<p>[\/vc_column_text][vc_empty_space][vc_column_text]<strong>Mejor asistencia anual 2018:<\/strong><\/p>\n<table border=\"0\" width=\"100%\" cellspacing=\"0\" cellpadding=\"5\">\n<tbody>\n<tr>\n<td valign=\"top\" width=\"208\">\n<p align=\"center\"><strong>NOMBRE<\/strong><\/p>\n<\/td>\n<td valign=\"top\" width=\"132\">\n<p align=\"center\"><strong>PORCENTAJE<\/strong><\/p>\n<\/td>\n<\/tr>\n<tr>\n<td width=\"208\">Segundo Ciclo: 7\u00b0 b\u00e1sico \u201cB\u201d<\/td>\n<td width=\"132\">96.2%<\/td>\n<\/tr>\n<tr>\n<td width=\"208\">Ense\u00f1anza Media: 2\u00b0 medio \u201cC\u201d<\/td>\n<td width=\"132\">96%<\/td>\n<\/tr>\n<\/tbody>\n<\/table>\n<p>[\/vc_column_text][vc_empty_space][vc_column_text]<strong>Mejor asistencia anual 2019: No hubo premio por nivel, s\u00f3lo individual:<\/strong><br \/>\n<strong>Asistencia 100% 2019: <\/strong><\/p>\n<table border=\"0\" width=\"100%\" cellspacing=\"0\" cellpadding=\"5\">\n<tbody>\n<tr>\n<td valign=\"top\">5\u00b0B<\/td>\n<td valign=\"top\">Darien Dami\u00e1n Hern\u00e1ndez Mu\u00f1oz<\/td>\n<\/tr>\n<tr>\n<td valign=\"top\">5\u00b0C<\/td>\n<td valign=\"top\">Mat\u00edas Eduardo Sandoval Mu\u00f1oz<\/td>\n<\/tr>\n<tr>\n<td valign=\"top\">7\u00ba A<\/td>\n<td valign=\"top\">Renata Antonia Rojas Fuentes<\/td>\n<\/tr>\n<tr>\n<td valign=\"top\">7\u00b0 C<\/td>\n<td valign=\"top\">Catalina Lorena Contreras Rodr\u00edguez<\/td>\n<\/tr>\n<tr>\n<td valign=\"top\">8\u00ba A<\/td>\n<td valign=\"top\">Grace Bel\u00e9n Castillo Sobarzo<\/td>\n<\/tr>\n<tr>\n<td valign=\"top\">8\u00ba B<\/td>\n<td valign=\"top\">Sof\u00eda Ang\u00e9lica Aravena Morales<br \/>\nGabriela Martina Manr\u00edquez Carrasco<\/td>\n<\/tr>\n<tr>\n<td valign=\"top\">1\u00ba A<\/td>\n<td valign=\"top\">Rodrigo Maximiliano Romero Rodr\u00edguez<\/td>\n<\/tr>\n<tr>\n<td valign=\"top\">1\u00ba B<\/td>\n<td valign=\"top\">Antonio Jes\u00fas Benavides Puentes<br \/>\nMartina Ignacia Bel\u00e9n Fonseca Villablanca<br \/>\nGregory Scott Quiroz Bustamante<\/td>\n<\/tr>\n<tr>\n<td valign=\"top\">1\u00b0 C<\/td>\n<td valign=\"top\">Eliseo Jonathan Daza Mu\u00f1oz<\/td>\n<\/tr>\n<tr>\n<td valign=\"top\">2\u00ba A<\/td>\n<td valign=\"top\">Eros Miguelangelo Hern\u00e1ndez Miranda<\/td>\n<\/tr>\n<tr>\n<td valign=\"top\">2\u00ba B<\/td>\n<td valign=\"top\">Mar\u00eda Jos\u00e9 Valenzuela Aedo<\/td>\n<\/tr>\n<tr>\n<td valign=\"top\">2\u00ba C<\/td>\n<td valign=\"top\">Isa\u00edas Ilain Ruiz Escalona<\/td>\n<\/tr>\n<tr>\n<td valign=\"top\">3\u00ba A<\/td>\n<td valign=\"top\">Marco Antonio Rolando Cerda Chamorro<br \/>\nMat\u00edas Ignacio Torres Cereceda<br \/>\nBel\u00e9n Monserrat Rozas Pardo<br \/>\nJavier Ismael Vergara Solis<\/td>\n<\/tr>\n<tr>\n<td valign=\"top\">3\u00ba B<\/td>\n<td valign=\"top\">Mirovick Alessandro Fern\u00e1ndez Albornoz<br \/>\nConstanza Camila Barra Riffo<\/td>\n<\/tr>\n<tr>\n<td valign=\"top\">4\u00b0 A<\/td>\n<td valign=\"top\">Carlos\u00a0 Daniel Acu\u00f1a Retamal<\/td>\n<\/tr>\n<\/tbody>\n<\/table>\n<p>[\/vc_column_text][vc_empty_space][\/vc_column][\/vc_row]<\/p>\n<\/div>","protected":false},"excerpt":{"rendered":"<p>[vc_row css_animation=\u00bb\u00bb row_type=\u00bbrow\u00bb use_row_as_full_screen_section=\u00bbno\u00bb type=\u00bbfull_width\u00bb angled_section=\u00bbno\u00bb text_align=\u00bbleft\u00bb background_image_as_pattern=\u00bbwithout_pattern\u00bb][vc_column][vc_column_text]Mejores promedios 2017 Curso Nombre y Apellidos Nota 7\u00ba A Basti\u00e1n Alonso Hidalgo Cuevas 6.68 7\u00ba B Sebasti\u00e1n Ignacio Dom\u00ednguez Pe\u00f1a 6.60 7\u00b0 C Francisca Carolina Ascencio Bastidas 6.50 8\u00ba A Benjam\u00edn Eduardo Contreras Fierro 6.16 8\u00ba B&#8230;<\/p>\n","protected":false},"author":6,"featured_media":0,"parent":0,"menu_order":0,"comment_status":"closed","ping_status":"closed","template":"","meta":{"footnotes":""},"class_list":["post-94","page","type-page","status-publish","hentry"],"_links":{"self":[{"href":"https:\/\/www.coreduc.cl\/jsu\/wp-json\/wp\/v2\/pages\/94","targetHints":{"allow":["GET"]}}],"collection":[{"href":"https:\/\/www.coreduc.cl\/jsu\/wp-json\/wp\/v2\/pages"}],"about":[{"href":"https:\/\/www.coreduc.cl\/jsu\/wp-json\/wp\/v2\/types\/page"}],"author":[{"embeddable":true,"href":"https:\/\/www.coreduc.cl\/jsu\/wp-json\/wp\/v2\/users\/6"}],"replies":[{"embeddable":true,"href":"https:\/\/www.coreduc.cl\/jsu\/wp-json\/wp\/v2\/comments?post=94"}],"version-history":[{"count":8,"href":"https:\/\/www.coreduc.cl\/jsu\/wp-json\/wp\/v2\/pages\/94\/revisions"}],"predecessor-version":[{"id":327,"href":"https:\/\/www.coreduc.cl\/jsu\/wp-json\/wp\/v2\/pages\/94\/revisions\/327"}],"wp:attachment":[{"href":"https:\/\/www.coreduc.cl\/jsu\/wp-json\/wp\/v2\/media?parent=94"}],"curies":[{"name":"wp","href":"https:\/\/api.w.org\/{rel}","templated":true}]}}