{"id":50,"date":"2019-09-11T11:59:35","date_gmt":"2019-09-11T14:59:35","guid":{"rendered":"https:\/\/www.coreduc.cl\/jsu\/?page_id=50"},"modified":"2021-05-03T18:07:59","modified_gmt":"2021-05-03T22:07:59","slug":"equipo-directivo","status":"publish","type":"page","link":"https:\/\/www.coreduc.cl\/jsu\/equipo-directivo\/","title":{"rendered":"Equipo Directivo"},"content":{"rendered":"<div class=\"wpb-content-wrapper\"><p>[vc_row css_animation=\u00bb\u00bb row_type=\u00bbrow\u00bb use_row_as_full_screen_section=\u00bbno\u00bb type=\u00bbfull_width\u00bb angled_section=\u00bbno\u00bb text_align=\u00bbleft\u00bb background_image_as_pattern=\u00bbwithout_pattern\u00bb][vc_column][vc_single_image image=\u00bb299&#8243; img_size=\u00bbfull\u00bb qode_css_animation=\u00bb\u00bb][vc_empty_space][\/vc_column][\/vc_row][vc_row css_animation=\u00bb\u00bb row_type=\u00bbrow\u00bb use_row_as_full_screen_section=\u00bbno\u00bb type=\u00bbfull_width\u00bb angled_section=\u00bbno\u00bb text_align=\u00bbleft\u00bb background_image_as_pattern=\u00bbwithout_pattern\u00bb][vc_column][vc_column_text]<\/p>\n<table width=\"100%\">\n<tbody>\n<tr>\n<td width=\"331\"><strong>CARGO<\/strong><\/td>\n<td width=\"281\"><strong>NOMBRE<\/strong><\/td>\n<\/tr>\n<tr>\n<td width=\"331\">DIRECTOR<\/td>\n<td width=\"281\">EDGARDO ESTEBAN QUEZADA ARIAS<\/td>\n<\/tr>\n<tr>\n<td width=\"331\">JEFA USE EDUCCI\u00d3N B\u00c1SICA<\/td>\n<td width=\"281\">MAR\u00cdA FRANCISCA\u00a0 NU\u00d1EZ MADRID<\/td>\n<\/tr>\n<tr>\n<td width=\"331\">JEFA USE EDUCCI\u00d3N MEDIA<\/td>\n<td width=\"281\">CLAUDIA VARGAS BRAVO<\/td>\n<\/tr>\n<tr>\n<td width=\"331\">JEFA ADMINISTRATIVA<\/td>\n<td width=\"281\">SOLANGE ANAN\u00cdAS ARRAU<\/td>\n<\/tr>\n<tr>\n<td width=\"331\">JEFE ASUNTOS ESTUDIANTILES<\/td>\n<td width=\"281\">YURI FIGUEROA S\u00c1EZ<\/td>\n<\/tr>\n<tr>\n<td width=\"331\">JEFE DE FORMACI\u00d3N T\u00c9CNICA<\/td>\n<td width=\"281\">LUIS HIDALGO ZARRICUETA<\/td>\n<\/tr>\n<\/tbody>\n<\/table>\n<p>[\/vc_column_text][vc_empty_space height=\u00bb50px\u00bb][\/vc_column][\/vc_row]<\/p>\n<\/div>","protected":false},"excerpt":{"rendered":"<p>[vc_row css_animation=\u00bb\u00bb row_type=\u00bbrow\u00bb use_row_as_full_screen_section=\u00bbno\u00bb type=\u00bbfull_width\u00bb angled_section=\u00bbno\u00bb text_align=\u00bbleft\u00bb background_image_as_pattern=\u00bbwithout_pattern\u00bb][vc_column][vc_single_image image=\u00bb299&#8243; img_size=\u00bbfull\u00bb qode_css_animation=\u00bb\u00bb][vc_empty_space][\/vc_column][\/vc_row][vc_row css_animation=\u00bb\u00bb row_type=\u00bbrow\u00bb use_row_as_full_screen_section=\u00bbno\u00bb type=\u00bbfull_width\u00bb angled_section=\u00bbno\u00bb text_align=\u00bbleft\u00bb background_image_as_pattern=\u00bbwithout_pattern\u00bb][vc_column][vc_column_text] CARGO NOMBRE DIRECTOR EDGARDO ESTEBAN QUEZADA ARIAS JEFA USE EDUCCI\u00d3N B\u00c1SICA MAR\u00cdA FRANCISCA\u00a0 NU\u00d1EZ MADRID JEFA USE EDUCCI\u00d3N MEDIA CLAUDIA VARGAS BRAVO JEFA ADMINISTRATIVA SOLANGE ANAN\u00cdAS ARRAU&#8230;<\/p>\n","protected":false},"author":6,"featured_media":0,"parent":0,"menu_order":0,"comment_status":"closed","ping_status":"closed","template":"","meta":{"footnotes":""},"class_list":["post-50","page","type-page","status-publish","hentry"],"_links":{"self":[{"href":"https:\/\/www.coreduc.cl\/jsu\/wp-json\/wp\/v2\/pages\/50","targetHints":{"allow":["GET"]}}],"collection":[{"href":"https:\/\/www.coreduc.cl\/jsu\/wp-json\/wp\/v2\/pages"}],"about":[{"href":"https:\/\/www.coreduc.cl\/jsu\/wp-json\/wp\/v2\/types\/page"}],"author":[{"embeddable":true,"href":"https:\/\/www.coreduc.cl\/jsu\/wp-json\/wp\/v2\/users\/6"}],"replies":[{"embeddable":true,"href":"https:\/\/www.coreduc.cl\/jsu\/wp-json\/wp\/v2\/comments?post=50"}],"version-history":[{"count":10,"href":"https:\/\/www.coreduc.cl\/jsu\/wp-json\/wp\/v2\/pages\/50\/revisions"}],"predecessor-version":[{"id":300,"href":"https:\/\/www.coreduc.cl\/jsu\/wp-json\/wp\/v2\/pages\/50\/revisions\/300"}],"wp:attachment":[{"href":"https:\/\/www.coreduc.cl\/jsu\/wp-json\/wp\/v2\/media?parent=50"}],"curies":[{"name":"wp","href":"https:\/\/api.w.org\/{rel}","templated":true}]}}