{"id":46,"date":"2019-09-11T11:50:40","date_gmt":"2019-09-11T14:50:40","guid":{"rendered":"https:\/\/www.coreduc.cl\/jsu\/?page_id=46"},"modified":"2019-09-13T13:38:27","modified_gmt":"2019-09-13T16:38:27","slug":"semblanza","status":"publish","type":"page","link":"https:\/\/www.coreduc.cl\/jsu\/semblanza\/","title":{"rendered":"Semblanza"},"content":{"rendered":"<div class=\"wpb-content-wrapper\"><p>[vc_row css_animation=\u00bb\u00bb row_type=\u00bbrow\u00bb use_row_as_full_screen_section=\u00bbno\u00bb type=\u00bbfull_width\u00bb angled_section=\u00bbno\u00bb text_align=\u00bbleft\u00bb background_image_as_pattern=\u00bbwithout_pattern\u00bb][vc_column][vc_column_text]La denominaci\u00f3n del Liceo bajo el nombre de \u201cJorge S\u00e1nchez Ugarte\u201d, corresponde al reconocimiento que en su oportunidad hace la Caja de Compensaci\u00f3n de \u201cLos Andes\u201d entidad perteneciente a la C\u00e1mara Chilena de la Construcci\u00f3n, a su Gerente General, quien concibe la idea de construir una escuela b\u00e1sica en un sector perif\u00e9rico de la ciudad de Concepci\u00f3n, el sector Barrio Norte, el cual pose\u00eda de acuerdo a los estudios de factibilidad realizados en los a\u00f1os setenta, la mayor densidad de poblaci\u00f3n ligada al sector construcci\u00f3n de la inter comuna Concepci\u00f3n \u2013 Talcahuano.<\/p>\n<p>El objetivo de esta idea, era entregar como un beneficio adicional de la Caja a sus adherentes, una oportunidad de buena educaci\u00f3n para sus hijos, adem\u00e1s de instancias de capacitaci\u00f3n a sus trabajadores y apoderadas del establecimiento.<\/p>\n<p>Con el tiempo, el establecimiento ha ido ampliando su oferta educativa y cobertura pasando a convertirse en un establecimiento educacional t\u00e9cnico profesional de prestigio en la zona, con muy buenos indicadores pedag\u00f3gicos y de gesti\u00f3n, situaci\u00f3n que se refleja\u00a0a trav\u00e9s de los resultados de las pruebas SIMCE, P.S.U. y otras.<\/p>\n<p>La memoria de Don \u201cJorge S\u00e1nchez Ugarte\u201d, se encuentra vigente en la comunidad escolar y el mejor reconocimiento a su gesti\u00f3n, es el esfuerzo permanente que realizan docentes, administrativos, auxiliares, estudiantes y apoderados, por entregar lo mejor de si para demostrar la mejor calidad de los aprendizajes adquiridos y una excelente formaci\u00f3n personal y val\u00f3rica.[\/vc_column_text][\/vc_column][\/vc_row][vc_row css_animation=\u00bb\u00bb row_type=\u00bbrow\u00bb use_row_as_full_screen_section=\u00bbno\u00bb type=\u00bbfull_width\u00bb angled_section=\u00bbno\u00bb text_align=\u00bbleft\u00bb background_image_as_pattern=\u00bbwithout_pattern\u00bb][vc_column][vc_empty_space height=\u00bb90px\u00bb][\/vc_column][\/vc_row]<\/p>\n<\/div>","protected":false},"excerpt":{"rendered":"<p>[vc_row css_animation=\u00bb\u00bb row_type=\u00bbrow\u00bb use_row_as_full_screen_section=\u00bbno\u00bb type=\u00bbfull_width\u00bb angled_section=\u00bbno\u00bb text_align=\u00bbleft\u00bb background_image_as_pattern=\u00bbwithout_pattern\u00bb][vc_column][vc_column_text]La denominaci\u00f3n del Liceo bajo el nombre de \u201cJorge S\u00e1nchez Ugarte\u201d, corresponde al reconocimiento que en su oportunidad hace la Caja de Compensaci\u00f3n de \u201cLos Andes\u201d entidad perteneciente a la C\u00e1mara Chilena de la Construcci\u00f3n, a su Gerente&#8230;<\/p>\n","protected":false},"author":6,"featured_media":0,"parent":0,"menu_order":0,"comment_status":"closed","ping_status":"closed","template":"","meta":{"footnotes":""},"class_list":["post-46","page","type-page","status-publish","hentry"],"_links":{"self":[{"href":"https:\/\/www.coreduc.cl\/jsu\/wp-json\/wp\/v2\/pages\/46","targetHints":{"allow":["GET"]}}],"collection":[{"href":"https:\/\/www.coreduc.cl\/jsu\/wp-json\/wp\/v2\/pages"}],"about":[{"href":"https:\/\/www.coreduc.cl\/jsu\/wp-json\/wp\/v2\/types\/page"}],"author":[{"embeddable":true,"href":"https:\/\/www.coreduc.cl\/jsu\/wp-json\/wp\/v2\/users\/6"}],"replies":[{"embeddable":true,"href":"https:\/\/www.coreduc.cl\/jsu\/wp-json\/wp\/v2\/comments?post=46"}],"version-history":[{"count":4,"href":"https:\/\/www.coreduc.cl\/jsu\/wp-json\/wp\/v2\/pages\/46\/revisions"}],"predecessor-version":[{"id":194,"href":"https:\/\/www.coreduc.cl\/jsu\/wp-json\/wp\/v2\/pages\/46\/revisions\/194"}],"wp:attachment":[{"href":"https:\/\/www.coreduc.cl\/jsu\/wp-json\/wp\/v2\/media?parent=46"}],"curies":[{"name":"wp","href":"https:\/\/api.w.org\/{rel}","templated":true}]}}