{"id":61,"date":"2019-09-10T10:55:56","date_gmt":"2019-09-10T13:55:56","guid":{"rendered":"https:\/\/www.coreduc.cl\/epl\/?page_id=61"},"modified":"2023-05-04T17:09:06","modified_gmt":"2023-05-04T21:09:06","slug":"consejo-escolar","status":"publish","type":"page","link":"https:\/\/www.coreduc.cl\/epl\/consejo-escolar\/","title":{"rendered":"Consejo Escolar"},"content":{"rendered":"<div class=\"wpb-content-wrapper\"><p>[vc_row css_animation=\u00bb\u00bb row_type=\u00bbrow\u00bb use_row_as_full_screen_section=\u00bbno\u00bb type=\u00bbfull_width\u00bb angled_section=\u00bbno\u00bb text_align=\u00bbleft\u00bb background_image_as_pattern=\u00bbwithout_pattern\u00bb][vc_column][vc_column_text]<\/p>\n<table width=\"100%\">\n<tbody>\n<tr>\n<td width=\"327\"><strong>Integrantes<\/strong><\/td>\n<td width=\"272\"><strong>Cargo<\/strong><\/td>\n<\/tr>\n<tr>\n<td width=\"327\">Sra. Ada Sep\u00falveda Alfaro<\/td>\n<td width=\"272\">Jefe de Asuntos Estudiantiles<\/td>\n<\/tr>\n<tr>\n<td width=\"327\">Sr. Cristian Letelier Valdivia<\/td>\n<td width=\"272\">Director<\/td>\n<\/tr>\n<tr>\n<td width=\"327\">Sr. Jos\u00e9 Medina Alcaino<\/td>\n<td width=\"272\">Presidente Centro de Alumnos<\/td>\n<\/tr>\n<tr>\n<td width=\"327\">Sra. Bernarda Morales Q.<\/td>\n<td width=\"272\">Representantes Asistente de la Educaci\u00f3n<\/td>\n<\/tr>\n<tr>\n<td width=\"327\">Sra. Carolina Fuentes<\/td>\n<td width=\"272\">Representante Docentes<\/td>\n<\/tr>\n<tr>\n<td width=\"327\">Sebasti\u00e1n Rojas<\/td>\n<td width=\"272\">Presidente Centro de Alumno<\/td>\n<\/tr>\n<tr>\n<td width=\"327\">Versiel Olmedo<\/td>\n<td width=\"272\">\n<p>Vicepresidente<\/p>\n<p>Centro de Alumno<\/td>\n<\/tr>\n<tr>\n<td width=\"327\">Valentina Valenzuela<\/td>\n<td width=\"272\">Secretaria Centro de Alumno<\/td>\n<\/tr>\n<tr>\n<td width=\"327\">Hebert Cruz<\/td>\n<td width=\"272\">Tesorero Centro de Alumno<\/td>\n<\/tr>\n<\/tbody>\n<\/table>\n<p>[\/vc_column_text][\/vc_column][\/vc_row][vc_row css_animation=\u00bb\u00bb row_type=\u00bbrow\u00bb use_row_as_full_screen_section=\u00bbno\u00bb type=\u00bbfull_width\u00bb angled_section=\u00bbno\u00bb text_align=\u00bbleft\u00bb background_image_as_pattern=\u00bbwithout_pattern\u00bb][vc_column][vc_empty_space][\/vc_column][\/vc_row]<\/p>\n<\/div>","protected":false},"excerpt":{"rendered":"<p>[vc_row css_animation=\u00bb\u00bb row_type=\u00bbrow\u00bb use_row_as_full_screen_section=\u00bbno\u00bb type=\u00bbfull_width\u00bb angled_section=\u00bbno\u00bb text_align=\u00bbleft\u00bb background_image_as_pattern=\u00bbwithout_pattern\u00bb][vc_column][vc_column_text] Integrantes Cargo Sra. Ada Sep\u00falveda Alfaro Jefe de Asuntos Estudiantiles Sr. Cristian Letelier Valdivia Director Sr. Jos\u00e9 Medina Alcaino Presidente Centro de Alumnos Sra. Bernarda Morales Q. Representantes Asistente de la Educaci\u00f3n Sra. Carolina Fuentes Representante Docentes&#8230;<\/p>\n","protected":false},"author":5,"featured_media":0,"parent":0,"menu_order":0,"comment_status":"closed","ping_status":"closed","template":"","meta":{"footnotes":""},"_links":{"self":[{"href":"https:\/\/www.coreduc.cl\/epl\/wp-json\/wp\/v2\/pages\/61"}],"collection":[{"href":"https:\/\/www.coreduc.cl\/epl\/wp-json\/wp\/v2\/pages"}],"about":[{"href":"https:\/\/www.coreduc.cl\/epl\/wp-json\/wp\/v2\/types\/page"}],"author":[{"embeddable":true,"href":"https:\/\/www.coreduc.cl\/epl\/wp-json\/wp\/v2\/users\/5"}],"replies":[{"embeddable":true,"href":"https:\/\/www.coreduc.cl\/epl\/wp-json\/wp\/v2\/comments?post=61"}],"version-history":[{"count":7,"href":"https:\/\/www.coreduc.cl\/epl\/wp-json\/wp\/v2\/pages\/61\/revisions"}],"predecessor-version":[{"id":586,"href":"https:\/\/www.coreduc.cl\/epl\/wp-json\/wp\/v2\/pages\/61\/revisions\/586"}],"wp:attachment":[{"href":"https:\/\/www.coreduc.cl\/epl\/wp-json\/wp\/v2\/media?parent=61"}],"curies":[{"name":"wp","href":"https:\/\/api.w.org\/{rel}","templated":true}]}}