{"id":106,"date":"2019-09-10T12:15:08","date_gmt":"2019-09-10T15:15:08","guid":{"rendered":"https:\/\/www.coreduc.cl\/epl\/?page_id=106"},"modified":"2022-04-05T17:06:36","modified_gmt":"2022-04-05T21:06:36","slug":"asistentes-de-la-educacion","status":"publish","type":"page","link":"https:\/\/www.coreduc.cl\/epl\/asistentes-de-la-educacion\/","title":{"rendered":"Asistentes de la Educaci\u00f3n"},"content":{"rendered":"<div class=\"wpb-content-wrapper\"><p>[vc_row css_animation=\u00bb\u00bb row_type=\u00bbrow\u00bb use_row_as_full_screen_section=\u00bbno\u00bb type=\u00bbfull_width\u00bb angled_section=\u00bbno\u00bb text_align=\u00bbleft\u00bb background_image_as_pattern=\u00bbwithout_pattern\u00bb][vc_column][vc_column_text]<\/p>\n<table border=\"0\" width=\"100%\" cellspacing=\"0\" cellpadding=\"5\">\n<tbody>\n<tr>\n<td valign=\"bottom\" nowrap=\"nowrap\" width=\"20\">\n<p align=\"center\"><strong>N\u00ba<\/strong><\/p>\n<\/td>\n<td valign=\"bottom\" nowrap=\"nowrap\" width=\"289\">\n<p align=\"center\"><strong>Nombres<\/strong><\/p>\n<\/td>\n<td valign=\"bottom\" nowrap=\"nowrap\" width=\"273\">\n<p align=\"center\"><strong>Cargo<\/strong><\/p>\n<\/td>\n<\/tr>\n<tr>\n<td valign=\"bottom\" nowrap=\"nowrap\" width=\"20\">\n<p align=\"center\">1<\/p>\n<\/td>\n<td valign=\"bottom\" nowrap=\"nowrap\" width=\"289\">Aedo Sandoval V\u00edctor Eduardo<\/td>\n<td valign=\"bottom\" nowrap=\"nowrap\" width=\"273\">\n<p align=\"center\">Auxiliar<\/p>\n<\/td>\n<\/tr>\n<tr>\n<td valign=\"bottom\" nowrap=\"nowrap\" width=\"20\">\n<p align=\"center\">2<\/p>\n<\/td>\n<td valign=\"bottom\" nowrap=\"nowrap\" width=\"289\">Araya Quezada Esteban Patricio<\/td>\n<td valign=\"bottom\" nowrap=\"nowrap\" width=\"273\">\n<p align=\"center\">Inspector<\/p>\n<\/td>\n<\/tr>\n<tr>\n<td valign=\"bottom\" nowrap=\"nowrap\" width=\"20\">\n<p align=\"center\">3<\/p>\n<\/td>\n<td valign=\"bottom\" nowrap=\"nowrap\" width=\"289\">Becerra Gonz\u00e1lez Rafael<\/td>\n<td valign=\"bottom\" nowrap=\"nowrap\" width=\"273\">\n<p align=\"center\">Enc. de Comput.<\/p>\n<\/td>\n<\/tr>\n<tr>\n<td valign=\"bottom\" nowrap=\"nowrap\" width=\"20\">\n<p align=\"center\">4<\/p>\n<\/td>\n<td valign=\"bottom\" nowrap=\"nowrap\" width=\"289\">Caro Felipe<\/td>\n<td valign=\"bottom\" nowrap=\"nowrap\" width=\"273\">\n<p align=\"center\">Auxiliar<\/p>\n<\/td>\n<\/tr>\n<tr>\n<td valign=\"bottom\" nowrap=\"nowrap\" width=\"20\">\n<p align=\"center\">5<\/p>\n<\/td>\n<td valign=\"bottom\" nowrap=\"nowrap\" width=\"289\">Fuentes Alvear Roberto Jes\u00fas<\/td>\n<td valign=\"bottom\" nowrap=\"nowrap\" width=\"273\">\n<p align=\"center\">Auxiliar<\/p>\n<\/td>\n<\/tr>\n<tr>\n<td valign=\"bottom\" nowrap=\"nowrap\" width=\"20\">\n<p align=\"center\">6<\/p>\n<\/td>\n<td valign=\"bottom\" nowrap=\"nowrap\" width=\"289\">Fuenzalida Carquin Guillermo<\/td>\n<td valign=\"bottom\" nowrap=\"nowrap\" width=\"273\">\n<p align=\"center\">Auxiliar<\/p>\n<\/td>\n<\/tr>\n<tr>\n<td valign=\"bottom\" nowrap=\"nowrap\" width=\"20\">\n<p align=\"center\">7<\/p>\n<\/td>\n<td valign=\"bottom\" nowrap=\"nowrap\" width=\"289\">Fuenzalida Cereceda Pablo Mauricio<\/td>\n<td valign=\"bottom\" nowrap=\"nowrap\" width=\"273\">\n<p align=\"center\">Enc. de Imprenta<\/p>\n<\/td>\n<\/tr>\n<tr>\n<td valign=\"bottom\" nowrap=\"nowrap\" width=\"20\">\n<p align=\"center\">8<\/p>\n<\/td>\n<td valign=\"bottom\" nowrap=\"nowrap\" width=\"289\">Gajardo Vergara Gast\u00f3n Ignacio<\/td>\n<td valign=\"bottom\" nowrap=\"nowrap\" width=\"273\">\n<p align=\"center\">Inspector<\/p>\n<\/td>\n<\/tr>\n<tr>\n<td valign=\"bottom\" nowrap=\"nowrap\" width=\"20\">\n<p align=\"center\">9<\/p>\n<\/td>\n<td valign=\"bottom\" nowrap=\"nowrap\" width=\"289\">Garrido Escanilla Jos\u00e9 Luis<\/td>\n<td valign=\"bottom\" nowrap=\"nowrap\" width=\"273\">\n<p align=\"center\">Nochero<\/p>\n<\/td>\n<\/tr>\n<tr>\n<td valign=\"bottom\" nowrap=\"nowrap\" width=\"20\">\n<p align=\"center\">10<\/p>\n<\/td>\n<td valign=\"bottom\" nowrap=\"nowrap\" width=\"289\">Gonz\u00e1lez Carrasco Luis Antonio<\/td>\n<td valign=\"bottom\" nowrap=\"nowrap\" width=\"273\">\n<p align=\"center\">Enc. Bodega e invent.<\/p>\n<\/td>\n<\/tr>\n<tr>\n<td valign=\"bottom\" nowrap=\"nowrap\" width=\"20\">\n<p align=\"center\">11<\/p>\n<\/td>\n<td valign=\"bottom\" nowrap=\"nowrap\" width=\"289\">Guevara Maureira Susana Julieta<\/td>\n<td valign=\"bottom\" nowrap=\"nowrap\" width=\"273\">\n<p align=\"center\">Secretaria USE<\/p>\n<\/td>\n<\/tr>\n<tr>\n<td valign=\"bottom\" nowrap=\"nowrap\" width=\"20\">\n<p align=\"center\">12<\/p>\n<\/td>\n<td valign=\"bottom\" nowrap=\"nowrap\" width=\"289\">Jim\u00e9nez D\u00edaz Karina Arlette<\/td>\n<td valign=\"bottom\" nowrap=\"nowrap\" width=\"273\">\n<p align=\"center\">Secretaria DIRECCI\u00d3N<\/p>\n<\/td>\n<\/tr>\n<tr>\n<td valign=\"bottom\" nowrap=\"nowrap\" width=\"20\">\n<p align=\"center\">13<\/p>\n<\/td>\n<td valign=\"bottom\" nowrap=\"nowrap\" width=\"289\">Madrid Nachar Mar\u00eda M\u00f3nica<\/td>\n<td valign=\"bottom\" nowrap=\"nowrap\" width=\"273\">\n<p align=\"center\">Inspectora<\/p>\n<\/td>\n<\/tr>\n<tr>\n<td valign=\"bottom\" nowrap=\"nowrap\" width=\"20\">\n<p align=\"center\">14<\/p>\n<\/td>\n<td valign=\"bottom\" nowrap=\"nowrap\" width=\"289\">Morales Quezada Bernarda del Carmen<\/td>\n<td valign=\"bottom\" nowrap=\"nowrap\" width=\"273\">\n<p align=\"center\">Bibliotec\u00f3loga<\/p>\n<\/td>\n<\/tr>\n<tr>\n<td valign=\"bottom\" nowrap=\"nowrap\" width=\"20\">\n<p align=\"center\">15<\/p>\n<\/td>\n<td valign=\"bottom\" nowrap=\"nowrap\" width=\"289\">Mu\u00f1oz Portuse Juana Ester<\/td>\n<td valign=\"bottom\" nowrap=\"nowrap\" width=\"273\">\n<p align=\"center\">Auxiliar<\/p>\n<\/td>\n<\/tr>\n<tr>\n<td valign=\"bottom\" nowrap=\"nowrap\" width=\"20\">\n<p align=\"center\">16<\/p>\n<\/td>\n<td valign=\"bottom\" nowrap=\"nowrap\" width=\"289\">Pizarro Alarc\u00f3n Renata<\/td>\n<td valign=\"bottom\" nowrap=\"nowrap\" width=\"273\">\n<p align=\"center\">Psicologa<\/p>\n<\/td>\n<\/tr>\n<tr>\n<td valign=\"bottom\" nowrap=\"nowrap\" width=\"20\">\n<p align=\"center\">17<\/p>\n<\/td>\n<td valign=\"bottom\" nowrap=\"nowrap\" width=\"289\">Poblete Lazo Mar\u00eda Ang\u00e9lica<\/td>\n<td valign=\"bottom\" nowrap=\"nowrap\" width=\"273\">\n<p align=\"center\">Secretaria UAD<\/p>\n<\/td>\n<\/tr>\n<tr>\n<td valign=\"bottom\" nowrap=\"nowrap\" width=\"20\">\n<p align=\"center\">18<\/p>\n<\/td>\n<td valign=\"bottom\" nowrap=\"nowrap\" width=\"289\">Reyes Vergara Jorge Antonio<\/td>\n<td valign=\"bottom\" nowrap=\"nowrap\" width=\"273\">\n<p align=\"center\">Inspector<\/p>\n<\/td>\n<\/tr>\n<tr>\n<td valign=\"bottom\" nowrap=\"nowrap\" width=\"20\">\n<p align=\"center\">19<\/p>\n<\/td>\n<td valign=\"bottom\" nowrap=\"nowrap\" width=\"289\">Riveros Mej\u00edas Carolina<\/td>\n<td valign=\"bottom\" nowrap=\"nowrap\" width=\"273\">\n<p align=\"center\">Asistente Social<\/p>\n<\/td>\n<\/tr>\n<tr>\n<td valign=\"bottom\" nowrap=\"nowrap\" width=\"20\">\n<p align=\"center\">20<\/p>\n<\/td>\n<td valign=\"bottom\" nowrap=\"nowrap\" width=\"289\">Romo Quinteros Jorge Eduardo<\/td>\n<td valign=\"bottom\" nowrap=\"nowrap\" width=\"273\">\n<p align=\"center\">Inspector<\/p>\n<\/td>\n<\/tr>\n<tr>\n<td valign=\"bottom\" nowrap=\"nowrap\" width=\"20\">\n<p align=\"center\">21<\/p>\n<\/td>\n<td valign=\"bottom\" nowrap=\"nowrap\" width=\"289\">V\u00e1squez\u00a0 Mena Rodrigo Enrique<\/td>\n<td valign=\"bottom\" nowrap=\"nowrap\" width=\"273\">\n<p align=\"center\">Auxiliar<\/p>\n<\/td>\n<\/tr>\n<tr>\n<td valign=\"bottom\" nowrap=\"nowrap\" width=\"20\">\n<p align=\"center\">22<\/p>\n<\/td>\n<td valign=\"bottom\" nowrap=\"nowrap\" width=\"289\">Villlanueva Rubio Patricia Ang\u00e9lica<\/td>\n<td valign=\"bottom\" nowrap=\"nowrap\" width=\"273\">\n<p align=\"center\">Secretaria USE<\/p>\n<\/td>\n<\/tr>\n<tr>\n<td valign=\"bottom\" nowrap=\"nowrap\" width=\"20\">\n<p align=\"center\">23<\/p>\n<\/td>\n<td valign=\"bottom\" nowrap=\"nowrap\" width=\"289\">Z\u00fa\u00f1iga Espinoza Rub\u00e9n Arturo<\/td>\n<td valign=\"bottom\" nowrap=\"nowrap\" width=\"273\">\n<p align=\"center\">Auxiliar<\/p>\n<\/td>\n<\/tr>\n<tr>\n<td valign=\"bottom\" nowrap=\"nowrap\" width=\"20\">\n<p align=\"center\">24<\/p>\n<\/td>\n<td valign=\"bottom\" nowrap=\"nowrap\" width=\"289\">Roman Ambiado Rut<\/td>\n<td valign=\"bottom\" nowrap=\"nowrap\" width=\"273\">\n<p align=\"center\">Psicopedagoga<\/p>\n<\/td>\n<\/tr>\n<\/tbody>\n<\/table>\n<p>[\/vc_column_text][\/vc_column][\/vc_row][vc_row css_animation=\u00bb\u00bb row_type=\u00bbrow\u00bb use_row_as_full_screen_section=\u00bbno\u00bb type=\u00bbfull_width\u00bb angled_section=\u00bbno\u00bb text_align=\u00bbleft\u00bb background_image_as_pattern=\u00bbwithout_pattern\u00bb][vc_column][vc_empty_space height=\u00bb80px\u00bb][\/vc_column][\/vc_row]<\/p>\n<\/div>","protected":false},"excerpt":{"rendered":"<p>[vc_row css_animation=\u00bb\u00bb row_type=\u00bbrow\u00bb use_row_as_full_screen_section=\u00bbno\u00bb type=\u00bbfull_width\u00bb angled_section=\u00bbno\u00bb text_align=\u00bbleft\u00bb background_image_as_pattern=\u00bbwithout_pattern\u00bb][vc_column][vc_column_text] N\u00ba Nombres Cargo 1 Aedo Sandoval V\u00edctor Eduardo Auxiliar 2 Araya Quezada Esteban Patricio Inspector 3 Becerra Gonz\u00e1lez Rafael Enc. de Comput. 4 Caro Felipe Auxiliar 5 Fuentes Alvear Roberto Jes\u00fas Auxiliar 6 Fuenzalida Carquin Guillermo Auxiliar&#8230;<\/p>\n","protected":false},"author":5,"featured_media":0,"parent":0,"menu_order":0,"comment_status":"closed","ping_status":"closed","template":"","meta":{"footnotes":""},"_links":{"self":[{"href":"https:\/\/www.coreduc.cl\/epl\/wp-json\/wp\/v2\/pages\/106"}],"collection":[{"href":"https:\/\/www.coreduc.cl\/epl\/wp-json\/wp\/v2\/pages"}],"about":[{"href":"https:\/\/www.coreduc.cl\/epl\/wp-json\/wp\/v2\/types\/page"}],"author":[{"embeddable":true,"href":"https:\/\/www.coreduc.cl\/epl\/wp-json\/wp\/v2\/users\/5"}],"replies":[{"embeddable":true,"href":"https:\/\/www.coreduc.cl\/epl\/wp-json\/wp\/v2\/comments?post=106"}],"version-history":[{"count":5,"href":"https:\/\/www.coreduc.cl\/epl\/wp-json\/wp\/v2\/pages\/106\/revisions"}],"predecessor-version":[{"id":446,"href":"https:\/\/www.coreduc.cl\/epl\/wp-json\/wp\/v2\/pages\/106\/revisions\/446"}],"wp:attachment":[{"href":"https:\/\/www.coreduc.cl\/epl\/wp-json\/wp\/v2\/media?parent=106"}],"curies":[{"name":"wp","href":"https:\/\/api.w.org\/{rel}","templated":true}]}}