{"id":56,"date":"2019-09-09T16:25:47","date_gmt":"2019-09-09T14:25:47","guid":{"rendered":"https:\/\/www.coreduc.cl\/cev\/?page_id=56"},"modified":"2024-06-06T15:23:59","modified_gmt":"2024-06-06T13:23:59","slug":"equipo-directivos","status":"publish","type":"page","link":"https:\/\/www.coreduc.cl\/cev\/equipo-directivos\/","title":{"rendered":"Equipo Directivo"},"content":{"rendered":"<div class=\"wpb-content-wrapper\"><p>[vc_row css_animation=\u00bb\u00bb row_type=\u00bbrow\u00bb use_row_as_full_screen_section=\u00bbno\u00bb type=\u00bbfull_width\u00bb angled_section=\u00bbno\u00bb text_align=\u00bbleft\u00bb background_image_as_pattern=\u00bbwithout_pattern\u00bb][vc_column][vc_column_text]<\/p>\n<h2 style=\"font-size: 30px; line-height: 28px; letter-spacing: 1px;\">Docentes Directivos<\/h2>\n<p>[\/vc_column_text][vc_empty_space][vc_column_text]<\/p>\n<table border=\"0\" width=\"100%\" cellspacing=\"0\" cellpadding=\"0\" align=\"center\">\n<tbody>\n<tr>\n<td style=\"width: 60.2941%;\"><strong>Cargo<\/strong><\/td>\n<td style=\"width: 39.5722%;\"><strong>Nombre<\/strong><\/td>\n<\/tr>\n<tr>\n<td style=\"width: 60.2941%;\">Rector<\/td>\n<td style=\"width: 39.5722%;\">Sr. Jos\u00e9 Ricardo Elgueta Cuevas<\/td>\n<\/tr>\n<tr>\n<td style=\"width: 60.2941%;\">Jefe Unidad de Supervisi\u00f3n y Evaluaci\u00f3n<\/td>\n<td style=\"width: 39.5722%;\">Sr. Marco Claramunt Alvear<\/td>\n<\/tr>\n<tr>\n<td style=\"width: 60.2941%;\">Jefe Unidad Asuntos Estudiantiles y Convivencia Escolar<\/td>\n<td style=\"width: 39.5722%;\">Sr. Mario Figueroa Fuentes<\/td>\n<\/tr>\n<tr>\n<td style=\"width: 60.2941%;\">Jefe Administraci\u00f3n y Finanzas<\/td>\n<td style=\"width: 39.5722%;\">Sr. Juan Carre\u00f1o Cer\u00f3ns<\/td>\n<\/tr>\n<\/tbody>\n<\/table>\n<p>[\/vc_column_text][\/vc_column][\/vc_row]<\/p>\n<\/div>","protected":false},"excerpt":{"rendered":"<p>[vc_row css_animation=\u00bb\u00bb row_type=\u00bbrow\u00bb use_row_as_full_screen_section=\u00bbno\u00bb type=\u00bbfull_width\u00bb angled_section=\u00bbno\u00bb text_align=\u00bbleft\u00bb background_image_as_pattern=\u00bbwithout_pattern\u00bb][vc_column][vc_column_text] Docentes Directivos [\/vc_column_text][vc_empty_space][vc_column_text] Cargo Nombre Rector Sr. Jos\u00e9 Ricardo Elgueta Cuevas Jefe Unidad de Supervisi\u00f3n y Evaluaci\u00f3n Sr. Marco Claramunt Alvear Jefe Unidad Asuntos Estudiantiles y Convivencia Escolar Sr. Mario Figueroa Fuentes Jefe Administraci\u00f3n y Finanzas Sr&#8230;.<\/p>\n","protected":false},"author":6,"featured_media":0,"parent":0,"menu_order":0,"comment_status":"closed","ping_status":"closed","template":"","meta":{"footnotes":""},"class_list":["post-56","page","type-page","status-publish","hentry"],"_links":{"self":[{"href":"https:\/\/www.coreduc.cl\/cev\/wp-json\/wp\/v2\/pages\/56"}],"collection":[{"href":"https:\/\/www.coreduc.cl\/cev\/wp-json\/wp\/v2\/pages"}],"about":[{"href":"https:\/\/www.coreduc.cl\/cev\/wp-json\/wp\/v2\/types\/page"}],"author":[{"embeddable":true,"href":"https:\/\/www.coreduc.cl\/cev\/wp-json\/wp\/v2\/users\/6"}],"replies":[{"embeddable":true,"href":"https:\/\/www.coreduc.cl\/cev\/wp-json\/wp\/v2\/comments?post=56"}],"version-history":[{"count":5,"href":"https:\/\/www.coreduc.cl\/cev\/wp-json\/wp\/v2\/pages\/56\/revisions"}],"predecessor-version":[{"id":521,"href":"https:\/\/www.coreduc.cl\/cev\/wp-json\/wp\/v2\/pages\/56\/revisions\/521"}],"wp:attachment":[{"href":"https:\/\/www.coreduc.cl\/cev\/wp-json\/wp\/v2\/media?parent=56"}],"curies":[{"name":"wp","href":"https:\/\/api.w.org\/{rel}","templated":true}]}}

<div class="wpb-content-wrapper"><p>[vc_row css_animation=»» row_type=»row» use_row_as_full_screen_section=»no» type=»full_width» angled_section=»no» text_align=»left» background_image_as_pattern=»without_pattern»][vc_column][vc_column_text]</p>
<h2 style="font-size: 30px; line-height: 28px; letter-spacing: 1px;">Docentes Directivos</h2>
<p>[/vc_column_text][vc_empty_space][vc_column_text]</p>
<table border="0" width="100%" cellspacing="0" cellpadding="0" align="center">
<tbody>
<tr>
<td style="width: 60.2941%;"><strong>Cargo</strong></td>
<td style="width: 39.5722%;"><strong>Nombre</strong></td>
</tr>
<tr>
<td style="width: 60.2941%;">Rector</td>
<td style="width: 39.5722%;">Sr. José Ricardo Elgueta Cuevas</td>
</tr>
<tr>
<td style="width: 60.2941%;">Jefe Unidad de Supervisión y Evaluación</td>
<td style="width: 39.5722%;">Sr. Marco Claramunt Alvear</td>
</tr>
<tr>
<td style="width: 60.2941%;">Jefe Unidad Asuntos Estudiantiles y Convivencia Escolar</td>
<td style="width: 39.5722%;">Sr. Mario Figueroa Fuentes</td>
</tr>
<tr>
<td style="width: 60.2941%;">Jefe Administración y Finanzas</td>
<td style="width: 39.5722%;">Sr. Juan Carreño Ceróns</td>
</tr>
</tbody>
</table>
<p>[/vc_column_text][/vc_column][/vc_row]</p>
</div>

<p>[vc_row css_animation=»» row_type=»row» use_row_as_full_screen_section=»no» type=»full_width» angled_section=»no» text_align=»left» background_image_as_pattern=»without_pattern»][vc_column][vc_column_text] Docentes Directivos [/vc_column_text][vc_empty_space][vc_column_text] Cargo Nombre Rector Sr. José Ricardo Elgueta Cuevas Jefe Unidad de Supervisión y Evaluación Sr. Marco Claramunt Alvear Jefe Unidad Asuntos Estudiantiles y Convivencia Escolar Sr. Mario Figueroa Fuentes Jefe Administración y Finanzas Sr&#8230;.</p>
